{"id":19523,"date":"2021-11-28T18:59:52","date_gmt":"2021-11-28T18:59:52","guid":{"rendered":"https:\/\/www.cilip.de\/?page_id=19523"},"modified":"2021-11-28T18:59:52","modified_gmt":"2021-11-28T18:59:52","slug":"127-dezember-2021-polizeirecht-entgrenzung-und-protest","status":"publish","type":"page","link":"https:\/\/wp-dev.daten.cool\/?page_id=19523","title":{"rendered":"127 (Dezember 2021) Polizeirecht \u2013 Entgrenzung und Protest"},"content":{"rendered":"<p><a href=\"https:\/\/archiv.cilip.de\/Hefte\/CILIP_127.pdf\">Download der Gesamtausgabe als PDF<\/a><\/p>\n<p><a href=\"https:\/\/www.cilip.de\/2021\/12\/08\/redaktionsmitteilung-42\/\"><strong>Redaktionsmitteilung<\/strong><\/a><\/p>\n<p><a href=\"https:\/\/www.cilip.de\/2021\/09\/26\/nachruf_heiner_busch\/\"><strong>Nachruf auf Heiner Busch<\/strong><\/a><\/p>\n<p><a href=\"https:\/\/www.cilip.de\/2021\/12\/08\/am-ende-der-neuen-deutschen-welle-ein-rueckblick-auf-fuenf-jahre-polizeirechtsverschaerfungen\/\"><strong>R\u00fcckblick auf f\u00fcnf Jahre Polizeirechtsversch\u00e4rfung<\/strong><\/a><br \/>\nMarius K\u00fchne, Eric T\u00f6pfer<br \/>\n<a href=\"https:\/\/www.cilip.de\/2021\/12\/12\/ist-da-etwas-in-bewegung-eine-bilanz-der-proteste-gegen-verschaerfte-polizeigesetze\/\"><strong>Bilanz der Proteste gegen Polizeigesetze<\/strong><\/a><br \/>\nMich\u00e8le Winkler<br \/>\n<a href=\"https:\/\/www.cilip.de\/2021\/12\/15\/der-elektrifizierte-gesetzesarm-distanzelektroimpulsgeraete-in-deutschen-polizeigesetzen\/\"><strong>Taser in den Polizeigesetzen<\/strong><\/a><br \/>\nVolker Eick<br \/>\n<a href=\"https:\/\/www.cilip.de\/2021\/12\/05\/erfolgreiche-mobilisierung-wenig-erreicht-das-bayrische-polizeiaufgabengesetz-und-gegenprotest\/\"><strong>Polizeiaufgabengesetz Bayern und Gegenprotest<\/strong><\/a><br \/>\nFrederick Heussner<br \/>\n<a href=\"https:\/\/www.cilip.de\/2021\/12\/05\/eu-datenschutz-und-polizei-die-ji-richtlinie-im-deutschen-polizeirecht\/\"><strong>Die EU-JI-Richtlinie im deutschen Polizeirecht<\/strong><\/a><br \/>\nClemens Arzt<br \/>\n<a href=\"https:\/\/www.cilip.de\/2021\/12\/15\/der-gefaehrder-im-polizeirecht-zwischenbilanz-der-polizeigesetzgebung\/\"><strong>\u201eGef\u00e4hrder\u201c in der Polizeigesetzgebung<\/strong><\/a><br \/>\nAnna Busl<\/p>\n<p><a href=\"https:\/\/www.cilip.de\/2021\/12\/05\/blacklivesmatter-in-den-usa-von-rassistischer-unterdrueckung-zum-black-capitalism\/\"><strong>Black Lives Matter<\/strong><\/a><br \/>\nInterview mit Margit Mayer<br \/>\n<a href=\"https:\/\/www.cilip.de\/2021\/12\/17\/polizeiliche-todesschuesse-2020\/\"><strong>Polizeiliche Todessch\u00fcsse 2020<\/strong><\/a><br \/>\nOtto Diederichs<br \/>\n<a href=\"https:\/\/www.cilip.de\/2021\/12\/17\/schusswaffengebrauch-neu-sortiert-cilip-webseite-zu-toedlichen-polizeischuessen-ab-1976\/\"><strong>CILIP-Webseite zu Polizeisch\u00fcssen ab 1976<\/strong><\/a><br \/>\nJohannes Filter, Matthias Monroy<br \/>\n<a href=\"https:\/\/www.cilip.de\/2021\/12\/17\/gefaehrliche-orte-und-die-definitionsmacht-der-polizeibehoerden\/\"><strong>Definitionsmacht f\u00fcr \u201eGef\u00e4hrliche Orte\u201c<\/strong><\/a><br \/>\nFlorian Krahmer<br \/>\n<a href=\"https:\/\/www.cilip.de\/2021\/12\/05\/eurodac-fuer-die-balkanregion-ausgelagerte-datenbanken-im-dienst-der-migrationswehr\/\"><strong>Eurodac f\u00fcr Balkanregion?<\/strong><\/a><br \/>\nSophie-Anne Bisiaux, Lorenz Naegeli<br \/>\n<a href=\"https:\/\/www.cilip.de\/category\/archiv\/cilip-127\/\"><strong>#thinblueline auf Instagram<\/strong><\/a><br \/>\nForschungsgruppe Instacops<\/p>\n<p><strong>Inland aktuell<\/strong><br \/>\n<strong>Meldungen aus Europa<\/strong><br \/>\n<a href=\"https:\/\/www.cilip.de\/2021\/12\/08\/literatur-69\/\"><strong>Literatur<\/strong><\/a><br \/>\n<a href=\"https:\/\/www.cilip.de\/2021\/12\/08\/summaries-90\/\"><strong>Summaries<\/strong><\/a><br \/>\n<strong>Mitarbeiter*innen dieser Ausgabe<\/strong><\/p>\n","protected":false},"excerpt":{"rendered":"<p>Download der Gesamtausgabe als PDF Redaktionsmitteilung Nachruf auf Heiner Busch R\u00fcckblick auf f\u00fcnf Jahre Polizeirechtsversch\u00e4rfung<\/p>\n","protected":false},"author":2,"featured_media":19623,"parent":18952,"menu_order":0,"comment_status":"closed","ping_status":"closed","template":"page-templates\/full-width.php","meta":{"footnotes":""},"class_list":["post-19523","page","type-page","status-publish","has-post-thumbnail","hentry"],"_links":{"self":[{"href":"https:\/\/wp-dev.daten.cool\/index.php?rest_route=\/wp\/v2\/pages\/19523","targetHints":{"allow":["GET"]}}],"collection":[{"href":"https:\/\/wp-dev.daten.cool\/index.php?rest_route=\/wp\/v2\/pages"}],"about":[{"href":"https:\/\/wp-dev.daten.cool\/index.php?rest_route=\/wp\/v2\/types\/page"}],"author":[{"embeddable":true,"href":"https:\/\/wp-dev.daten.cool\/index.php?rest_route=\/wp\/v2\/users\/2"}],"replies":[{"embeddable":true,"href":"https:\/\/wp-dev.daten.cool\/index.php?rest_route=%2Fwp%2Fv2%2Fcomments&post=19523"}],"version-history":[{"count":0,"href":"https:\/\/wp-dev.daten.cool\/index.php?rest_route=\/wp\/v2\/pages\/19523\/revisions"}],"up":[{"embeddable":true,"href":"https:\/\/wp-dev.daten.cool\/index.php?rest_route=\/wp\/v2\/pages\/18952"}],"wp:featuredmedia":[{"embeddable":true,"href":"https:\/\/wp-dev.daten.cool\/index.php?rest_route=\/wp\/v2\/media\/19623"}],"wp:attachment":[{"href":"https:\/\/wp-dev.daten.cool\/index.php?rest_route=%2Fwp%2Fv2%2Fmedia&parent=19523"}],"curies":[{"name":"wp","href":"https:\/\/api.w.org\/{rel}","templated":true}]}}