{"id":19882,"date":"2022-02-18T19:59:19","date_gmt":"2022-02-18T19:59:19","guid":{"rendered":"https:\/\/www.cilip.de\/?page_id=19882"},"modified":"2022-02-18T19:59:19","modified_gmt":"2022-02-18T19:59:19","slug":"128-maerz-2022-die-eu-ein-sicherheitsstaat-neuer-praegung","status":"publish","type":"page","link":"https:\/\/wp-dev.daten.cool\/?page_id=19882","title":{"rendered":"128 (M\u00e4rz 2022) Die EU \u2013 Ein Sicherheitsstaat neuer Pr\u00e4gung?"},"content":{"rendered":"<p><a href=\"https:\/\/archiv.cilip.de\/Hefte\/CILIP_128.pdf\">Download der Gesamtausgabe als PDF<\/a><\/p>\n<p><a href=\"https:\/\/www.cilip.de\/2022\/03\/03\/redaktionsmitteilung-43\/\"><strong>Redaktionsmitteilung<\/strong><\/a><br \/>\nMatthias Monroy<\/p>\n<p><a href=\"https:\/\/www.cilip.de\/2022\/03\/03\/grenzueberschreitender-sicherheitsstaat-die-europaeische-union-und-ihre-krisen\/\"><strong>Die Europ\u00e4ische Union und ihre Krisen<\/strong><\/a><br \/>\nChris Jones, Yasha Maccanico<br \/>\n<a href=\"https:\/\/www.cilip.de\/2022\/03\/03\/mehr-macht-keine-verantwortung-der-mega-agentur-frontex-fehlt-eine-wirkliche-kontrolle\/\"><strong>Frontex au\u00dfer Kontrolle<\/strong><\/a><br \/>\nJane Kilpatrick<br \/>\n<a href=\"https:\/\/www.cilip.de\/2022\/03\/03\/die-neue-europol-reform-operative-befugnisse-ohne-rechenschaftspflicht\/\"><strong>Europol-Reform mit operativen Befugnissen<\/strong><\/a><br \/>\nChlo\u00e9 Berth\u00e9l\u00e9my, Jesper Lund<br \/>\n<a href=\"https:\/\/www.cilip.de\/2022\/03\/03\/verwachsende-datenbanken-digitale-grenzen-als-integrationsprojekt\/\"><strong>Virtuelle EU-Grenzen<\/strong><\/a><br \/>\nEric T\u00f6pfer<br \/>\n<a href=\"https:\/\/www.cilip.de\/2022\/03\/03\/die-vergeheimdienstlichung-der-eu-informelle-gruppen-rund-um-europol\/\"><strong>EU-Vergeheimdienstlichung<\/strong><\/a><br \/>\nMatthias Monroy<br \/>\n<a href=\"https:\/\/www.cilip.de\/2022\/03\/06\/migration-und-militarisierung-die-eu-produziert-eine-oekonomie-der-angst\/\"><strong>Militarisierung der Inneren Sicherheit<\/strong><\/a><br \/>\nJaqueline Andres<br \/>\n<a href=\"https:\/\/www.cilip.de\/2022\/03\/07\/zurueckweisungs-union-wie-die-eu-die-menschenrechte-aushebelt\/\"><strong>Zur\u00fcckweisungs-Union<\/strong><\/a><br \/>\nMatthias Lehnert<\/p>\n<p><a href=\"https:\/\/www.cilip.de\/2022\/02\/22\/geldregen-fuer-die-feinde-der-freiheit-zur-debatte-um-die-desiderus-erasmus-stiftung\/\"><strong>Stiftungsfinanzierungsgesetz und Verfassungsschutz<\/strong><\/a><br \/>\nMatthias Jakubowski<br \/>\n<a href=\"https:\/\/www.cilip.de\/2022\/03\/03\/kleine-geschichte-der-bundespolizei-paramilitaerischer-grenzschutz-bis-polizei-des-bundes\/\"><strong>70 Jahre Bundespolizei<\/strong><\/a><br \/>\nDirk Burczyk<br \/>\n<a href=\"https:\/\/www.cilip.de\/2022\/03\/03\/blaue-gefuehlswelten-emotion-und-affekt-digitaler-polizeiarbeit\/\"><strong>Polizei privat auf Instagram<\/strong><\/a><br \/>\nBen Hundertmark<\/p>\n<p><strong>Rubriken<\/strong><br \/>\n<strong>Inland aktuell<\/strong><br \/>\n<strong>Meldungen aus Europa<\/strong><br \/>\n<a href=\"https:\/\/www.cilip.de\/2022\/03\/03\/literatur-70\/\"><strong>Literatur<\/strong><\/a><br \/>\n<a href=\"https:\/\/www.cilip.de\/2022\/02\/21\/summaries-91\/\"><strong>Summaries<\/strong><\/a><br \/>\n<strong>Mitarbeiter*innen dieser Ausgabe<\/strong><\/p>\n","protected":false},"excerpt":{"rendered":"<p>Download der Gesamtausgabe als PDF Redaktionsmitteilung Matthias Monroy Die Europ\u00e4ische Union und ihre Krisen Chris<\/p>\n","protected":false},"author":2,"featured_media":19915,"parent":19885,"menu_order":0,"comment_status":"closed","ping_status":"closed","template":"page-templates\/full-width.php","meta":{"footnotes":""},"class_list":["post-19882","page","type-page","status-publish","has-post-thumbnail","hentry"],"_links":{"self":[{"href":"https:\/\/wp-dev.daten.cool\/index.php?rest_route=\/wp\/v2\/pages\/19882","targetHints":{"allow":["GET"]}}],"collection":[{"href":"https:\/\/wp-dev.daten.cool\/index.php?rest_route=\/wp\/v2\/pages"}],"about":[{"href":"https:\/\/wp-dev.daten.cool\/index.php?rest_route=\/wp\/v2\/types\/page"}],"author":[{"embeddable":true,"href":"https:\/\/wp-dev.daten.cool\/index.php?rest_route=\/wp\/v2\/users\/2"}],"replies":[{"embeddable":true,"href":"https:\/\/wp-dev.daten.cool\/index.php?rest_route=%2Fwp%2Fv2%2Fcomments&post=19882"}],"version-history":[{"count":0,"href":"https:\/\/wp-dev.daten.cool\/index.php?rest_route=\/wp\/v2\/pages\/19882\/revisions"}],"up":[{"embeddable":true,"href":"https:\/\/wp-dev.daten.cool\/index.php?rest_route=\/wp\/v2\/pages\/19885"}],"wp:featuredmedia":[{"embeddable":true,"href":"https:\/\/wp-dev.daten.cool\/index.php?rest_route=\/wp\/v2\/media\/19915"}],"wp:attachment":[{"href":"https:\/\/wp-dev.daten.cool\/index.php?rest_route=%2Fwp%2Fv2%2Fmedia&parent=19882"}],"curies":[{"name":"wp","href":"https:\/\/api.w.org\/{rel}","templated":true}]}}