{"id":21143,"date":"2023-08-01T13:55:07","date_gmt":"2023-08-01T13:55:07","guid":{"rendered":"https:\/\/www.cilip.de\/?page_id=21143"},"modified":"2023-08-01T13:55:07","modified_gmt":"2023-08-01T13:55:07","slug":"polizeiproblem-8-2023","status":"publish","type":"page","link":"https:\/\/wp-dev.daten.cool\/?page_id=21143","title":{"rendered":"Polizeiproblem 8\/2023"},"content":{"rendered":"<p><strong>Ermittlungen gegen Polizist*innen:<\/strong><\/p>\n<p>1. August: Die Polizei in Berlin hat in den vergangenen zwei Jahren <a href=\"https:\/\/www.morgenpost.de\/berlin\/article239082855\/Problematische-Aeusserungen-von-Polizisten-300-Faelle.html\">in etwa 300 F\u00e4llen<\/a> politisch problematische \u00c4u\u00dferungen von Polizisten untersucht. In rund 160 F\u00e4llen f\u00fchrte dies auch zu strafrechtlichen Ermittlungen. Zust\u00e4ndig f\u00fcr solches Fehlverhalten war seit April 2021 die polizeiinterne Ermittlungsgruppe &#8222;Zentral&#8220; des LKA, die nun in ein Fachkommissariat f\u00fcr politisch motivierte Dienstvergehen umgewandelt wird.<\/p>\n<p>2. August: Die Polizei in Th\u00fcringen hat ein Disziplinarverfahren gegen einen Polizisten er\u00f6ffnet, der am Montag in Gera <a href=\"https:\/\/twitter.com\/querdenkenwatch\/status\/1686062901444952071\">eine Demonstrantin umarmt hatte<\/a>. Bei dem Protest handelte es sich um eine sogenannte &#8222;Montagsdemonstration&#8220;. Einige rund 300 Teilnehmenden marschierten dabei in Str\u00e4flingskleidung sowie deutschen und russischen Nationalflaggen. Videos davon kursierten auf Twitter. Demnach wurde die Impfkampagne der Bundesregierung zur Corona-Pandemie als &#8222;V\u00f6lkermord&#8220; bezeichnet. <a href=\"https:\/\/twitter.com\/Polizei_Thuer\/status\/1686355849562710017\">Ebenfalls auf Twitter<\/a> hatte die Polizei bereits am Dienstag mitgeteilt, dass gegen den Beamten disziplinarische Ermittlungen &#8222;bez\u00fcglich eines m\u00f6glichen Versto\u00dfes gegen das Neutralit\u00e4tsgebot und die Erforderlichkeit organisationaler Ma\u00dfnahmen&#8220; gepr\u00fcft werde.<\/p>\n<p>2. August: F\u00fcnf Beamte im Alter zwischen 22 und 25 Jahren sind <a href=\"https:\/\/www.zeit.de\/news\/2023-08\/02\/nazi-symbole-bei-polizisten-durchsuchungen-bei-fuenf-beamten\">laut der Essener Staatsanwaltschaft<\/a> verd\u00e4chtig, ein Video aus dem Bereich der Kinderpornografie zu besitzen. Privatr\u00e4ume und Arbeitspl\u00e4tze der Beschuldigten wurden durchsucht. Die Vorw\u00fcrfe beziehen sich demnach auf einen Tatzeitraum, in dem sich die M\u00e4nner noch in der Ausbildung befanden. Danach waren drei von ihnen bis zuletzt am Polizeipr\u00e4sidium Recklinghausen und jeweils einer bei der Polizeibeh\u00f6rde in Kleve am Niederrhein und Borken im M\u00fcnsterland t\u00e4tig. Nach dpa-Informationen soll es sich um Polizeikommissare und Beamte auf Probe handeln.<\/p>\n<p>3. August: Nach Beschwerden \u00fcber ein &#8222;Klima der Angst&#8220; an der Th\u00fcringer Polizeischule in Meiningen wird jetzt offenbar <a href=\"https:\/\/www.mdr.de\/nachrichten\/thueringen\/sued-thueringen\/schmalkalden-meiningen\/polizei-schule-sexueller-missbrauch-ermittlungen-100.html\">intern gegen mehrere Polizeianw\u00e4rter ermittelt<\/a>. Laut der &#8222;Th\u00fcringer Allgemeinen&#8220; geht es um acht Tatverd\u00e4chtige. Die Vorw\u00fcrfe sollen auf K\u00f6rperverletzung und Beleidigung lauten. Au\u00dferdem werde die mutma\u00dfliche Nachstellung au\u00dferhalb des Dienstes und versuchter sexueller N\u00f6tigung von Polizeianw\u00e4rterinnen untersucht. Zudem werde auch gegen zwei ehemalige Beamte der Polizeischule wegen versuchter sexueller Missbrauch von Polizeisch\u00fclern ermittelt. Ein ehemaliger Bediensteter stehe im Verdacht, eine Polizeianw\u00e4rterin sexuell motiviert beleidigt zu haben.<\/p>\n<p>15. August: Die Polizei hat einen Hauptkommissar aus Charlottenburg-Wilmersdorf <a href=\"https:\/\/www.berlin.de\/generalstaatsanwaltschaft\/presse\/pressemitteilungen\/2023\/pressemitteilung.1356466.php\">nach Durchsuchungen verhaftet<\/a>. Er soll mit dem zivilen Dienstauto seiner Direktion nach seinem Dienst einem Autofahrer 57.000 Euro Bargeld Bargeld und zwei Mobiltelefone geraubt haben. Der Vorfall mit einem unbekannten Mitt\u00e4ter soll sich am 19. Juli 2023 auf der Stadtautobahn ereignet haben. Der 48-j\u00e4hrige Polizeibeamte soll den 62-j\u00e4hrigen Gesch\u00e4digten mit Sondersignalen und Polizeikelle herausgewunken und dabei seine Dienstwaffe im Holster getragen haben. Anschlie\u00dfend sei der Mann mit Handschellen gefesselt und in das Polizeifahrzeug gebracht worden. Nach den angeblichen Ma\u00dfnahmen soll der Kommissar dem Opfer ein Sicherstellungsprotokoll ausgeh\u00e4ndigt haben. Darin habe jedoch das beschlagnahmte Geld gefehlt. Die Vollstreckung des Haftbefehls soll zwar au\u00dfer Vollzug gesetzt, dem Mann aber der Dienst mit sofortiger Wirkung verboten worden sein.<\/p>\n<p>15. August: Gegen Bedienstete der s\u00e4chsischen Hochschule der Polizei, der Bereitschaftspolizei sowie der Polizeidirektion Zwickau wird <a href=\"https:\/\/www.t-online.de\/region\/dresden\/id_100225110\/rechtsextremismus-bei-polizei-in-sachsen-weitere-verdachtsfaelle-bekannt.html\">wegen rechtsextremistischer Vorf\u00e4lle ermittelt<\/a>. Das geht aus einer Antwort des Innenministeriums auf eine Kleine Anfrage der Linken im Landtag hervor. Offenbar habe sich der Verdacht gegen drei Polizeisch\u00fcler der Polizeifachschule Schneeberg erh\u00e4rtet, \u00fcber den Medien im M\u00e4rz dieses Jahres berichtet hatten, sagte dazu die Fragestellerin Kerstin K\u00f6ditz. Diese sollen einer Chatgruppe angeh\u00f6rt haben, in der NS-Inhalte geteilt wurden. Zudem ermittele die Staatsanwaltschaft Chemnitz wegen des Verdachts des Verwendens von Kennzeichen verfassungswidriger Organisationen.<\/p>\n<p>21. August: Die Berliner Generalstaatsanwaltschaft nimmt Ermittlungen gegen mehrere Polizist*innen nach dem Tod des 64-j\u00e4hrigen Medard Mutombo <a href=\"https:\/\/www.rbb24.de\/panorama\/beitrag\/2023\/08\/wieder-ermittlungen-tod-nach-polizeieinsatz-berlin-spandau.html\">wieder auf.<\/a> Der an Schizophrenie Erkrankte sollte im September vergangenen Jahres von der Polizei in eine geschlossene Psychiatrie im Bezirk Spandau gebracht werden. Mutombo kollabierte dabei und starb drei Wochen sp\u00e4ter. Die Staatsanwaltschaft hatte die Ermittlungen im April dieses Jahres eingestellt, unter anderem, da sie kein Fehlverhalten der Polizeibeamten erkennen wollte.<\/p>\n<p><strong>Anklage gegen Polizist*innen:<\/strong><\/p>\n<p>Die Staatsanwaltschaft Zwickau hat wegen Verletzung von Dienstgeheimnissen <a href=\"https:\/\/www.mdr.de\/nachrichten\/sachsen\/chemnitz\/zwickau\/anklage-ex-polizeichef-dienstgeheimnis-100.html\">Anklage gegen den ehemaligen Revierleiter der Zwickauer Polizei erhoben<\/a>. Der Beamte soll im Mai 2022 von seinem Dienstrechner aus eine Mail mit Informationen aus einer Lagebewertung \u00fcber ein geplantes interkulturelles Fest an ein rechtes B\u00fcndnis geschickt haben. Der Verfassungsschutz stuft dieses B\u00fcndnis als &#8222;erwiesene extremistische Bestrebung&#8220; ein, die &#8222;verfassungsschutzrelevante Delegitimierung des Staates&#8220; betreibe.<\/p>\n<p><strong>Polizeisch\u00fcsse:<\/strong><\/p>\n<p>7. August: Beim Hantieren eines Berliner Polizisten mit seiner Waffe <a href=\"https:\/\/www.tagesspiegel.de\/berlin\/ungewollte-schussabgabe-in-neukolln-berliner-polizist-schiesst-15-jahrigem-bruder-mit-dienstwaffe-in-den-hals-10277719.html\">l\u00f6st sich in dessen Wohnung ein Schuss<\/a> und trifft seinen 15-j\u00e4hrigen Bruder in den Hals. Gegen den 22-j\u00e4hrigen Beamten wird wegen fahrl\u00e4ssiger K\u00f6rperverletzung ermittelt, au\u00dferdem wurde ein Verfahren wegen Versto\u00dfes gegen das Waffengesetz eingeleitet.<\/p>\n<p>19. August: Am Rande des Fu\u00dfballspiels zwischen dem FC Augsburg und Borussia M\u00f6nchengladbach in der Bundesliga hat ein Polizeibeamter am Samstag mit einer Dienstwaffe geschossen. Dar\u00fcber hatte die Fanhilfe M\u00f6nchengladbach <a href=\"https:\/\/twitter.com\/fanhilfemg\/status\/1692939787672391768\">auf Twitter berichtet<\/a>, deren leerer Transporter von dem Schuss getroffen wurde. Menschen wurden nicht verletzt. <a href=\"https:\/\/www.polizei.bayern.de\/aktuelles\/pressemitteilungen\/054025\/index.html\">Laut einer Mitteilung<\/a> des Polizeipr\u00e4sidiums Schwaben Nord sei die Schussabgabe in einem abgegrenzten Bereich auf dem Stadiongel\u00e4nde &#8222;ersten Erkenntnissen zufolge&#8220; unbeabsichtigt gewesen. Drei Beamte h\u00e4tten ein Knalltrauma erlitten, ein Polizist eine Sch\u00fcrfwunde. Auch ein Polizeifahrzeug sei besch\u00e4digt, so die Polizei. <a href=\"https:\/\/www.sportschau.de\/newsticker\/dpa-polizist-nach-schuss-aus-dienstwaffe-suspendiert-100.html\">Laut einer Meldung vom 24. August<\/a> ist der Sch\u00fctze suspendiert worden. Die vierk\u00f6pfige Gruppe um den Sch\u00fctzen werde vorerst nicht mehr im Unterst\u00fctzungskommando der bayerischen Polizei eingesetzt<\/p>\n<p>In Rommerskirchen (Nordrhein-Westfalen) hat die Polizei <a href=\"https:\/\/www1.wdr.de\/nachrichten\/rheinland\/polizei-dienstwaffe-schuss-paarstreit-einsatz-rommerskirchen-100.html\">einen Mann angeschossen<\/a>. Laut Polizeiangaben rief eine Frau am Sonntagabend den Notruf wegen eines Streits mit ihrem Partner. Die Polizist*innen h\u00e4tten den 41-J\u00e4hrigen Mann dann auf der Stra\u00dfe getroffen, dort sei er mit einem K\u00fcchenmesser auf sie zugekommen. Die Beamt*innen h\u00e4tten sich dadurch bedroht gef\u00fchlt. Eine Polizistin habe bei dem Einsatz ihre Bodycam eingeschaltet gehabt.<\/p>\n<p><strong>Verletzung nach Polizeieinsatz:<\/strong><\/p>\n<p>8. August: Bei einem Einsatz der Polizei am 26. Juli in Bielefeld haben Spezialkr\u00e4fte eine falsche Wohnung gest\u00fcrmt <a href=\"https:\/\/www.spiegel.de\/panorama\/justiz\/bielefeld-polizei-stuermt-bei-sek-einsatz-falsche-wohnung-bewohner-verletzt-a-ff5590e2-8efa-483f-bc1d-1b3213d81175\">und einen Anwohner verletzt<\/a>. Der 35-j\u00e4hrige Wohnungsinhaber und vorsorglich auch seine 34-j\u00e4hrige Frau wurden in ein Krankenhaus gebracht. Die Polizeipr\u00e4sidentin habe sich pers\u00f6nlich noch am selben Tag bei den beiden Betroffenen entschuldigt und Hilfe angeboten. Der Einsatz soll &#8222;im Rockermilieu&#8220; erfolgt sein. Festnahmen gab es angeblich nicht.<\/p>\n<p><strong>Waffenprobleme:<\/strong><\/p>\n<p>Aus dem Polizeirevier Riesa im Landkreis Mei\u00dfen sind eine <a href=\"https:\/\/www.mdr.de\/nachrichten\/sachsen\/dresden\/grossenhain-riesa\/polizei-waffe-verschwunden-ermittlungen-100.html\">Maschinenpistole samt zwei Magazinen mit 60 Schuss Munition verschwunden<\/a>. Dass die Maschinenpistole im Waffenschrank fehlt, sei nach bei einer turnusm\u00e4\u00dfigen Bestandsaufnahme im Revier bemerkt worden. Nach bisherigem Erkenntnissen sei die Waffe zuletzt am 8. Februar an einen Polizeibeamten ausgegeben worden.<\/p>\n<p>15. August: In einer Dienststelle der Landespolizeiinspektion Nordhausen soll 2022 <a href=\"https:\/\/www.thueringer-allgemeine.de\/politik\/thueringer-polizisten-schiessen-mehrfach-unbeabsichtigt-und-verlieren-munition-id239193027.html\">das Magazin einer Maschinenpistole verschwunden sein<\/a>, inklusive der dazugeh\u00f6rigen 30 Schuss Munition. Mehrfach h\u00e4tten Polizisten in Th\u00fcringen zwischen 2020 und 2022 Munition oder Waffenteile verloren, so das Innenministerium des Bundeslandes. Auch Schlagst\u00f6cke und Reizgasspr\u00fchger\u00e4te kommen demnach immer wieder abhanden.<\/p>\n<p><strong>Gewalt unter Polizist*innen:<\/strong><\/p>\n<p>10. August:In K\u00f6ln hat sich ein Polizist, der dort einen Hooligan &#8222;gespielt&#8220; hat bei einer Gro\u00df\u00fcbung <a href=\"https:\/\/rp-online.de\/nrw\/panorama\/koeln-polizist-verletzt-sich-schwer-bei-grossuebung-gegen-hooligan-gewalt_aid-95414415\">verletzt<\/a>. Gr\u00f6lend seien er mit einer Gruppe vor das Stadion gezogen, anschlie\u00dfend habe es eine simulierte Konfrontation mit der Bereitschaftspolizei gegeben. Dabei soll der Beamte eine Fraktur am Unterschenkel erlitten habenDie \u00dcbung erfolgte anl\u00e4sslich der 2024 anstehenden Fu\u00dfball-Europameisterschaft.<\/p>\n<p><strong>Polizeiliche Todessch\u00fcsse:<\/strong><br \/>\n18. August: In Duisburg <a href=\"https:\/\/polizeischuesse.cilip.de\/fall\/cilip-2023-5\">erschie\u00dft die Polizei einen 56-J\u00e4hrigen<\/a>, der Einsatzkr\u00e4fte in einem Mehrfamilienhaus in Neuenkamp mit einem Messer attackiert haben soll. Diese h\u00e4tten zuvor einen Taser eingesetzt, erkl\u00e4rte der NRW-Innenminister Herbert Reul (CDU) au\u00dferplanm\u00e4\u00dfig dem Innenausschuss des Landtags in D\u00fcsseldorf. Das Opfer sollte in eine psychiatrische Klinik eingewiesen werden. Die WAZ zitiert eine Frau, die drei Sch\u00fcsse geh\u00f6rt haben will. Rettungssanit\u00e4ter sollen auf der Stra\u00dfe erfolglos versucht haben, den Mann zu reanimieren.<\/p>\n<p><strong>Tod im Polizeigewahrsam:<\/strong><\/p>\n<p>19. August: Ein 47-j\u00e4hriger ist <a href=\"https:\/\/www.presseportal.de\/blaulicht\/pm\/11811\/5583730\">im Polizeigewahrsam in Hagen gestorben<\/a>. Laut einer Pressemitteilung der Staatsanwaltschaft Hagen und Polizei Wuppertal sei der &#8222;wegen Delikten der Bet\u00e4ubungsmittelkriminalit\u00e4t polizeibekannte&#8220; Mann in der Hagener Innenstadt \u00fcberpr\u00fcft worden. Dabei habe sich herausgestellt, dass gegen ihn ein Haftbefehl vorliegt, woraufhin er in Gewahrsam gebracht wurde. Nachts sei dann den diensthabenden Beamt*innen aufgefallen, dass der Mann &#8222;regungslos in seiner Zelle lag&#8220;. &#8222;Aus Neutralit\u00e4tsgr\u00fcnden&#8220; ermittele das Polizeipr\u00e4sidium Wuppertal zur Todesursache, Hinweise auf ein Fremdverschulden l\u00e4gen zum Zeitpunkt der Mitteilung nicht vor.<\/p>\n<p><strong>Rechtsextreme Polizist*innen: <\/strong><\/p>\n<p>25. August: Der fr\u00fchere AfD-Fraktionsvorsitzende im Bad Kreuznacher Kreistag, Lutz Haufe (inzwischen parteilos), <a href=\"https:\/\/www.swr.de\/swraktuell\/rheinland-pfalz\/mainz\/polizei-rlp-entlaesst-ehemaliges-afd-mitglied-haufe-aus-bad-kreuznach-100.html\">darf vorerst nicht mehr als Hauptkommissar arbeiten<\/a>. Die Polizei in Mainz hat ein dienstrechtliches Verfahren gegen Haufe abgeschlossen und eine &#8222;vorl\u00e4ufige Dienstenthebung unter teilweiser Einbehaltung seiner monatlichen Dienstbez\u00fcge&#8220; verf\u00fcgt. Haufe hatte sich im Dezember 2021 in einer schriftlichen Haushaltsrede im Kreistag Bad Kreuznach diskriminierend \u00fcber zwei junge Menschen mit Behinderungen ge\u00e4u\u00dfert. Die Staatsanwaltschaft Bad Kreuznach hatte ein Verfahren unter der Auflage eines T\u00e4ter-Opfer-Ausgleichs eingestellt. Seine Ausf\u00fchrungen erf\u00fcllen demnach den Straftatbestand einer Beleidigung.<\/p>\n<p><strong>Polizei und Datenschutz:<\/strong><\/p>\n<p>30. August: Die oberfr\u00e4nkische Polizei hat auch in Th\u00fcringen <a href=\"https:\/\/www.mdr.de\/nachrichten\/thueringen\/ost-thueringen\/saale-orla\/fahndung-polizei-foto-falsch-blankenberg-100.html\">mit einem falschen Foto<\/a> nach einem mutma\u00dflichen Gewaltt\u00e4ter gefahndet. Ein zun\u00e4chst verwendetes Fahndungsfoto sei nicht mehr aktuell gewesen, hie\u00df es. Um m\u00f6glichst schnell ein &#8222;aussagekr\u00e4ftigeres Bild&#8220; vom fl\u00fcchtigen Tatverd\u00e4chtigen zu ver\u00f6ffentlichen, habe die Polizei im Internet nach weiteren Fotos des Mannes gesucht. Die verschiedenen M\u00e4nner auf den beiden Fotos h\u00e4tten den gleichen Namen und Vornamen gehabt.<\/p>\n<h3>Beitragsbild: Fanhilfe M\u00f6nchengladbach.<\/h3>\n","protected":false},"excerpt":{"rendered":"<p>Ermittlungen gegen Polizist*innen: 1. August: Die Polizei in Berlin hat in den vergangenen zwei Jahren<\/p>\n","protected":false},"author":2,"featured_media":21197,"parent":21447,"menu_order":0,"comment_status":"closed","ping_status":"closed","template":"","meta":{"footnotes":""},"class_list":["post-21143","page","type-page","status-publish","has-post-thumbnail","hentry"],"_links":{"self":[{"href":"https:\/\/wp-dev.daten.cool\/index.php?rest_route=\/wp\/v2\/pages\/21143","targetHints":{"allow":["GET"]}}],"collection":[{"href":"https:\/\/wp-dev.daten.cool\/index.php?rest_route=\/wp\/v2\/pages"}],"about":[{"href":"https:\/\/wp-dev.daten.cool\/index.php?rest_route=\/wp\/v2\/types\/page"}],"author":[{"embeddable":true,"href":"https:\/\/wp-dev.daten.cool\/index.php?rest_route=\/wp\/v2\/users\/2"}],"replies":[{"embeddable":true,"href":"https:\/\/wp-dev.daten.cool\/index.php?rest_route=%2Fwp%2Fv2%2Fcomments&post=21143"}],"version-history":[{"count":0,"href":"https:\/\/wp-dev.daten.cool\/index.php?rest_route=\/wp\/v2\/pages\/21143\/revisions"}],"up":[{"embeddable":true,"href":"https:\/\/wp-dev.daten.cool\/index.php?rest_route=\/wp\/v2\/pages\/21447"}],"wp:featuredmedia":[{"embeddable":true,"href":"https:\/\/wp-dev.daten.cool\/index.php?rest_route=\/wp\/v2\/media\/21197"}],"wp:attachment":[{"href":"https:\/\/wp-dev.daten.cool\/index.php?rest_route=%2Fwp%2Fv2%2Fmedia&parent=21143"}],"curies":[{"name":"wp","href":"https:\/\/api.w.org\/{rel}","templated":true}]}}