{"id":21199,"date":"2023-09-01T20:58:53","date_gmt":"2023-09-01T20:58:53","guid":{"rendered":"https:\/\/www.cilip.de\/?page_id=21199"},"modified":"2023-09-01T20:58:53","modified_gmt":"2023-09-01T20:58:53","slug":"polizeiproblem-9-2023","status":"publish","type":"page","link":"https:\/\/wp-dev.daten.cool\/?page_id=21199","title":{"rendered":"Polizeiproblem 9\/2023"},"content":{"rendered":"<p><strong>Ermittlungen gegen Polizist*innen:<\/strong><\/p>\n<p>1. September: Das Innenministerium in Niedersachsen hat Disziplinarverfahren gegen zwei Polizeibeamte eingeleitet. Sie stehen <a href=\"https:\/\/www.ndr.de\/nachrichten\/niedersachsen\/Reichsbuerger-Verdacht-Ermittlungen-gegen-zwei-Polizisten,reichsbuerger480.html\">laut dem NDR<\/a> im Verdacht, zum Unterst\u00fctzerkreis der Reichsb\u00fcrger-F\u00fchrungsriege um &#8222;Prinz Reu\u00df&#8220; geh\u00f6rt zu haben. In einem Fall soll es sich um einen Polizeioberkommissar im Ruhestand handeln, dessen Bez\u00fcge bereits um 30 Prozent gek\u00fcrzt wurden. Dieser sei zuletzt bei der Polizeidirektion G\u00f6ttingen besch\u00e4ftigt gewesen und habe in fr\u00fcheren Jahren auch einer Spezialeinheit angeh\u00f6rt. Der weitere Mann sei ein Kriminalhauptkommissar, der zuletzt l\u00e4ngere Zeit krank und im Landeskriminalamt in der Abteilung Staatsschutz besch\u00e4ftigt war: In der Dienststelle, die sich zentral auch mit Ermittlungen gegen Reichsb\u00fcrger besch\u00e4ftige.<\/p>\n<p>1. September: Der Komplize des Berliner Polizisten, der im Juli auf der Stadtautobahn mithilfe seiner Dienstausr\u00fcstung einen Autofahrer gestoppt und 57.000 Euro geraubt hat, <a href=\"https:\/\/www.bz-berlin.de\/berlin\/nach-raub-auf-stadtautobahn-sek-ueberwaeltigt-zweiten-polizisten\">ist gefasst<\/a>. Der Mann ist ein Berliner Hauptkommissar. Der ebenfalls 48 Jahre alte Mann soll bis zum vergangenen Jahr in der Gruppe AGIA (Arbeitsgebiet interkulturelle Aufgaben) t\u00e4tig gewesen sein. Nach einer erkennungsdienstlichen Behandlung wurde der Verd\u00e4chtige wieder entlassen.<\/p>\n<p>4. September: Ein Berliner Polizeianw\u00e4rter soll sich w\u00e4hrend eines Konzerts des Rappers &#8222;Shindy&#8220; in Friedrichshain Zutritt zum Backstage-Bereich verschafft haben. <a href=\"https:\/\/www.berlin.de\/polizei\/polizeimeldungen\/2023\/pressemitteilung.1362142.php\">Laut Angaben der Polizei<\/a> soll der Auszubildende in seiner Freizeit in der Veranstaltungshalle am Mercedes-Platz bei einem Sicherheitsdienstmitarbeiter seinen Dienstausweis vorgezeigt haben und so hinter die B\u00fchne gelangt sein. Kurz darauf soll er dann versucht haben, einen Begleiter von ihm in den Backstage-Bereich zu holen, indem er vorgab, dass dieser ebenfalls Polizist sei. Ein Fachkommissariat des LKA ermittelt wegen des Verdachts der Amtsanma\u00dfung.<\/p>\n<p>6. September: Die Polizei in Mannheim hat eine straf- und disziplinarrechtliche Bewertung zum Fall einer Polizistin eingeleitet, die bei einem Protest der Letzten Generation \u00d6l auf eine Demonstrantin gesch\u00fcttet hatte. Auf &#8222;X&#8220; <a href=\"https:\/\/twitter.com\/AufstandLastGen\/status\/1699494276760019180\">berichteten Aktivistinnen<\/a> von weiteren Schikanen und Misshandlungen durch dieselbe Polizistin im Gewahrsam. Diese Berichte fl\u00f6ssen in die Bewertung des Sachverhaltes mit ein, <a href=\"https:\/\/www.presseportal.de\/blaulicht\/pm\/14915\/5596949\">schreibt die Polizei<\/a>. Das von der Letzten Generation an die Polizei unterbreitete Gespr\u00e4chsangebot k\u00f6nne &#8222;aufgrund der damit verbundenen Beeinflussung der laufenden Ermittlungen nicht angenommen werden&#8220;.<\/p>\n<p>15. September: Die Th\u00fcringer Polizei f\u00fchrt wegen eines schwerwiegenden Vorwurfs <a href=\"https:\/\/www.sueddeutsche.de\/panorama\/polizei-erfurt-verfahren-wegen-verdachts-auf-verrat-von-dienstgeheimnissen-dpa.urn-newsml-dpa-com-20090101-230915-99-208944\">32 Ermittlungsverfahren gegen ihre Beamt*innen<\/a>, die Dienstgeheimnisse verraten haben sollen. Diese arbeiten bei unterschiedlichen Dienststellen der Landespolizei. Nach Paragraf 353b des Strafgesetzbuches drohen denen, die dieser Straftat \u00fcberf\u00fchrt werden, bis zu f\u00fcnf Jahre Haft.<\/p>\n<p>24. September: Die Berliner Polizei ermittelt <a href=\"https:\/\/www.tagesspiegel.de\/berlin\/plotzlich-in-handschellen-uber-bezahlt-dennoch-festgenommen--wenn-die-berliner-polizei-eskaliert-10478377.html\">nach Angaben des Tagespiegels<\/a> gegen Beamte, die gegen einen angeblich s\u00e4umigen Uber-Kunden \u00fcberm\u00e4\u00dfig Gewalt angewendet haben, obwohl dieser seine Fahrt offensichtlich digital bezahlt hatte. Dem Mann wurden Handschellen angelegt, seiner Anw\u00e4ltin und Umstehenden das Filmen des Einsatzes untersagt, dabei sollen die Polizisten auch aggressiv geworden sein.<\/p>\n<p>24. September: Die drei Polizisten und die Polizistin, die den Idsteiner Unternehmer Liam Conway vor drei Jahren gewaltsam zu Boden gebracht und diesen verletzt hatten, bleiben bislang straffrei. Die Staatsanwaltschaft Wiesbaden hat <a href=\"https:\/\/www.fr.de\/rhein-main\/pruegelnder-polizist-bleibt-nach-fall-in-idstein-straffrei-92539086.html\">nach Informationen der Frankfurter Rundschau<\/a> nun auch Ermittlungen gegen den letzten der Beamten, die wegen des Verdachts auf K\u00f6rperverletzung im Amt und Freiheitsberaubung eingeleitet worden waren, eingestellt. Die Ermittlungen gegen zwei weitere beteiligte Beamte und eine Beamtin wurden bereits Ende vergangenen Jahres eingestellt. Conway legt dem Bericht zufolge Beschwerde gegen die Einstellung ein.<\/p>\n<p>24. September: Im Zusammenhang mit Ermittlungen wegen rassistischer, antisemitischer und behindertenfeindlicher Posts in Chatgruppen hat der Innenminister in Rheinland-Pfalz die disziplinarrechtlichen M\u00f6glichkeiten bei 49 Polizeibeamten und -beamtinnen gepr\u00fcft. F\u00fcnf von ihnen werden demnach strafrechtlich verfolgt, <a href=\"https:\/\/www.merkur.de\/deutschland\/rheinland-pfalz\/rassistische-posts-auch-polizisten-in-verdacht-zr-92538467.html\">berichtet dpa<\/a>, die \u00fcbrigen 44 seien passiv an den ausgewerteten Chatgruppen beteiligt gewesen. Das berichtete der SPD-Politiker im Innenausschuss des Landtags. Derzeit liefen noch elf Disziplinarverfahren. Die Staatsanwaltschaft Koblenz hatte insgesamt gegen zw\u00f6lf bei der Polizei Besch\u00e4ftigte strafrechtlich ermittelt. Sieben dieser Verfahren seien eingestellt worden. Gegen einen ehemaligen Studenten der Hochschule und einen Landespolizeibeamten sei beim Jugendgericht Montabaur Anklage erhoben worden.<\/p>\n<p>27. September: Acht Polizisten aus Sachsen sind im ersten Halbjahr dieses Jahres unter Extremismusverdacht geraten, <a href=\"https:\/\/www.mdr.de\/nachrichten\/sachsen\/polizei-sachsen-extremismus-verdacht-100.html\">berichten dpa und MDR<\/a> unter Berufung auf den Innenminister. Dabei gehe es um Verharmlosung oder Verherrlichung des Nationalsozialismus sowie um das Verwenden von Kennzeichen verfassungswidriger Organisationen. Sechs der F\u00e4lle seien aus Beitr\u00e4gen oder \u00c4u\u00dferungen in sozialen Medien hervorgegangen, unter diesen seien auch drei Polizeianw\u00e4rter. Sachsens Koordinierungsstelle f\u00fcr Extremismuspr\u00e4vention und -bek\u00e4mpfung hat seit Januar 2017 F\u00e4lle mit extremistischem Bezug im \u00f6ffentlichen Dienst erfasst, dazu wurden 79 Pr\u00fcff\u00e4lle mit 74 Personen eingeleitet. 47 dieser Verfahren seien abgeschlossen, daraus folgten sieben Entlassungen sowie weitere Ma\u00dfnahmen.<\/p>\n<p>27. September: Die Berliner Generalstaatsanwaltschaft <a href=\"https:\/\/www.berlin.de\/polizei\/polizeimeldungen\/2023\/pressemitteilung.1370293.php\">ermittelt gegen einen Polizeibeamten<\/a>, der Dienstgeheimnisse an rechtsextreme Kreise verraten haben soll. Der Mann war Mitglied der operativen Gruppe &#8222;Rex&#8220; (OG Rex). Laut den Beh\u00f6rden wurde neben der Wohnung des Beschuldigten und dessen Arbeitsplatz auch die Wohnung von zwei Zeugen durchsucht. Die Ermittlergruppe hatte sich unter anderem mit dem sogenannten &#8222;Neuk\u00f6lln-Komplex&#8220; befasst, einer rechtsextremen Anschlagsserie in Berlin-Neuk\u00f6lln. Dazu z\u00e4hlt das Berliner Landeskriminalamt mindestens 14 Brandstiftungen und 35 Sachbesch\u00e4digungen.<\/p>\n<p><strong>Anklage gegen Polizist*innen:<\/strong><\/p>\n<p>4. September: In Berlin <a href=\"https:\/\/www.berliner-zeitung.de\/mensch-metropole\/drei-berliner-polizisten-seit-2017-suspendiert-erst-jetzt-beginnt-der-prozess-li.385591\">beginnt der Prozess gegen drei Polizisten<\/a> wegen Vorf\u00e4llen von 2016. Ein 47-J\u00e4hriger soll w\u00e4hrend seines Streifendienstes in einem U-Bahnhof einen polizeibekannten Drogendealer dabei beobachtet haben, wie dieser Bet\u00e4ubungsmittel verkaufte, leitete aber keine Ermittlungen gegen diesen ein, dies wird als Strafvereitelung im Amt verfolgt. Die beiden anderen Polizisten sollen am selben U-Bahnhof zwei M\u00e4nner beobachtet haben, wie sie Heroin verkauften und diese anschlie\u00dfend gefesselt, geschlagen und getreten haben. Die Anklage lautet auf K\u00f6rperverletzung im Amt. Sp\u00e4ter sollen sie zwei ihnen bekannte Drogenh\u00e4ndler bez\u00fcglich der bevorstehenden Durchsuchung eines Sp\u00e4tkaufs gewarnt haben, deshalb verhandelt das Gericht wegen Verletzung von Dienstgeheimnissen. Einer der Beamten soll selbst drei Portionen Heroin in seinem Spind gelagert haben. Alle nun Angeklagten sind seit 2017 suspendiert.<\/p>\n<p>14. September: Die Staatsanwaltschaft in Essen <a href=\"https:\/\/www.spiegel.de\/panorama\/justiz\/essen-mutmasslich-rechtsextreme-chatbeitraege-staatsanwaltschaft-ermittelt-gegen-acht-polizisten-a-e5ddbcba-1512-444a-b323-2c0ae9e11f5c\">ermittelt im Zusammenhang mit rechtsextremen Beitr\u00e4gen in Chatgruppen<\/a> gegen inzwischen acht Polizisten. Die Untersuchungen richten sich gegen Beschuldigte, &#8222;die Polizeibeamte oder Anw\u00e4rter sind beziehungsweise zur Tatzeit waren&#8220;. Anfang August war gegen zun\u00e4chst f\u00fcnf junge Polizisten ermittelt worden. Sie waren unter Verdacht geraten, w\u00e4hrend ihrer Ausbildung in Chats Nazisymbole ausgetauscht zu haben. Die f\u00fcnf Beamten wurden nach damaligen Angaben der Essener Staatsanwaltschaft auch verd\u00e4chtigt, ein Video zu besitzen, das in den Bereich der Kinderpornografie falle.<\/p>\n<p><strong>Urteile gegen Polizist*innen<\/strong><\/p>\n<p>14. September: Das Verwaltungsgericht Hannover hat die <a href=\"https:\/\/www.ndr.de\/nachrichten\/niedersachsen\/hannover_weser-leinegebiet\/Rechtsextreme-Aeusserungen-Bundespolizist-aus-Dienst-entfernt,aktuellhannover14466.html\">Entfernung eines Bundespolizisten aus dem Dienst best\u00e4tigt<\/a>. In dem seit 2020 laufenden Disziplinarverfahren waren dem 34-j\u00e4hrigen rechtsextremistische und antisemitische \u00c4u\u00dferungen in Chatgruppen vorgehalten worden. Au\u00dferdem hatten die Ermittlungen ergeben, dass er auf einer Norwegenreise in strafbarer Weise Wrackteile von abgeschossenen Wehrmachtsflugzeugen bergen wollte. Gegen die Entscheidung ist Berufung vor dem Oberverwaltungsgericht m\u00f6glich.<\/p>\n<p>18. Dezember: Der Polizist und mutma\u00dfliche &#8222;Reichsb\u00fcrger&#8220; aus Niedersachsen, der bei einer &#8222;Querdenker&#8220;-Demonstration in Dresden einen Hitlergru\u00df gezeigt hat, wurde in seinem berufungsverfahren <a href=\"https:\/\/www.n-tv.de\/der_tag\/Der-Tag-am-Montag-18-September-2023-article24403160.html\">vor dem Landgericht Dresden freigesprochen<\/a>. Angesichts der auf ihn zukommenden Verurteilung in einem anderen Verfahren wegen Verschw\u00f6rung zum politischen Umsturz falle die Strafe nicht besonders ins Gewicht, hei\u00dft es zur Begr\u00fcndung. Auch ein Berufssoldat aus Nordrhein-Westfalen hatte dort \u00f6ffentlich den Hitlergru\u00df gezeigt und war daf\u00fcr verurteilt worden. Sein Verfahren wird gegen Geldauflage von 800 Euro eingestellt.<\/p>\n<p><strong>Polizei und Pressefreiheit:<\/strong><\/p>\n<p>12. September: Am 22. August <a href=\"https:\/\/www.nordstadtblogger.de\/dortmunder-polizei-verhaftet-faelschlicherweise-zwei-journalisten-ver-di-fordert-aufklaerung\/\">hatte die Polizei in Dortmund zwei Reporter verhaftet<\/a>, nachdem drei Abende in Folge unweit einer Unterkunft f\u00fcr Gefl\u00fcchtete Autos angez\u00fcndet worden waren. Die Beiden wollten dokumentieren, ob auch in dieser Nacht die Brandserie fortgesetzt und wie die Polizei vor Ort agieren w\u00fcrde. Bei der erkennungsdienstlichen Behandlung, dem stundenlangen Gewahrsam, der Best\u00e4tigung, dass es sich um polizeibekannte Journalisten handelt und sie im dienstlichen Auftrag unterwegs waren \u2013 wurden Durchsuchungsbeschl\u00fcsse beantragt. Handys, Computer, Kameras und Datentr\u00e4ger wurden beschlagnahmt. Nach 16 Stunden wurden die Reporter aus dem Polizeigewahrsam entlassen.<\/p>\n<h3>Beitragsbild: <a href=\"https:\/\/twitter.com\/AufstandLastGen\/status\/1699370145179693426\">Letzte Generation<\/a>.<\/h3>\n","protected":false},"excerpt":{"rendered":"<p>Ermittlungen gegen Polizist*innen: 1. September: Das Innenministerium in Niedersachsen hat Disziplinarverfahren gegen zwei Polizeibeamte eingeleitet.<\/p>\n","protected":false},"author":2,"featured_media":21212,"parent":21447,"menu_order":0,"comment_status":"closed","ping_status":"closed","template":"","meta":{"footnotes":""},"class_list":["post-21199","page","type-page","status-publish","has-post-thumbnail","hentry"],"_links":{"self":[{"href":"https:\/\/wp-dev.daten.cool\/index.php?rest_route=\/wp\/v2\/pages\/21199","targetHints":{"allow":["GET"]}}],"collection":[{"href":"https:\/\/wp-dev.daten.cool\/index.php?rest_route=\/wp\/v2\/pages"}],"about":[{"href":"https:\/\/wp-dev.daten.cool\/index.php?rest_route=\/wp\/v2\/types\/page"}],"author":[{"embeddable":true,"href":"https:\/\/wp-dev.daten.cool\/index.php?rest_route=\/wp\/v2\/users\/2"}],"replies":[{"embeddable":true,"href":"https:\/\/wp-dev.daten.cool\/index.php?rest_route=%2Fwp%2Fv2%2Fcomments&post=21199"}],"version-history":[{"count":0,"href":"https:\/\/wp-dev.daten.cool\/index.php?rest_route=\/wp\/v2\/pages\/21199\/revisions"}],"up":[{"embeddable":true,"href":"https:\/\/wp-dev.daten.cool\/index.php?rest_route=\/wp\/v2\/pages\/21447"}],"wp:featuredmedia":[{"embeddable":true,"href":"https:\/\/wp-dev.daten.cool\/index.php?rest_route=\/wp\/v2\/media\/21212"}],"wp:attachment":[{"href":"https:\/\/wp-dev.daten.cool\/index.php?rest_route=%2Fwp%2Fv2%2Fmedia&parent=21199"}],"curies":[{"name":"wp","href":"https:\/\/api.w.org\/{rel}","templated":true}]}}