{"id":21559,"date":"2024-02-13T14:12:15","date_gmt":"2024-02-13T14:12:15","guid":{"rendered":"https:\/\/www.cilip.de\/?page_id=21559"},"modified":"2024-02-13T14:12:15","modified_gmt":"2024-02-13T14:12:15","slug":"einzelfaelle-mit-system-toedliche-polizeigewalt-vor-gericht","status":"publish","type":"page","link":"https:\/\/wp-dev.daten.cool\/?page_id=21559","title":{"rendered":"&#8222;Einzelf\u00e4lle&#8220; mit System: T\u00f6dliche Polizeigewalt vor Gericht"},"content":{"rendered":"<p><strong>Veranstaltung mit dem Solidarit\u00e4tskreis Justice for Mouhamed (Dortmund) und der Initiative 2. Mai (Mannheim)<\/strong><\/p>\n<blockquote class=\"alignright\"><p>21. Februar, 19.30 Uhr<br \/>\nSO36, Oranienstra\u00dfe 190, Berlin-Kreuzberg<br \/>\nMit Verdolmetschung (EN\/FR)<br \/>\nEintritt frei<\/p>\n<p><a href=\"https:\/\/www.youtube.com\/watch?v=_a-03h7r9ac\">Auf Youtube<\/a> (in deutscher Sprache)<\/p><\/blockquote>\n<p>Polizeigewalt gegen\u00fcber Menschen mit Rassismuserfahrung hat in Deutschland System: \u00dcberdurchschnittlich oft sind sie unter den Opfern t\u00f6dlicher Polizeisch\u00fcsse, t\u00f6dlich verlaufender Eins\u00e4tze und Tod im Gewahrsam. In rund drei Viertel dieser F\u00e4lle waren die Toten in einer psychischen Ausnahmesituation; ein zus\u00e4tzlicher Gef\u00e4hrdungsfaktor ist die gesellschaftliche Ausgrenzung Armutsbetroffener. In der \u00f6ffentlichen Darstellung setzt sich nach einem t\u00f6dlichen Polizeieinsatz oft das Narrativ der Polizei durch, dass die Gewalt verharmlost und durch eine T\u00e4ter-Opfer-Umkehr rechtfertigt. Nur selten f\u00fchren Ermittlungen in solchen F\u00e4llen zur Anklage gegen die T\u00e4ter*innen, noch seltener kommt es zu Verurteilungen. Deshalb ist von besonderer Bedeutung, dass momentan gleich mehrere Gerichtsprozesse wegen t\u00f6dlicher Polizeigewalt unter solidarischer Prozessbegleitung stattfinden.<\/p>\n<p><iframe loading=\"lazy\" title=\"\u201eEinzelf\u00e4lle\u201c mit System: T\u00f6dliche Polizeigewalt vor Gericht\" width=\"640\" height=\"360\" src=\"https:\/\/www.youtube.com\/embed\/_a-03h7r9ac?feature=oembed\" frameborder=\"0\" allow=\"accelerometer; autoplay; clipboard-write; encrypted-media; gyroscope; picture-in-picture; web-share\" referrerpolicy=\"strict-origin-when-cross-origin\" allowfullscreen><\/iframe><\/p>\n<p>In Dortmund begann im Dezember der Strafprozess gegen f\u00fcnf Polizist*innen, die am 8. August 2022 den jugendlichen Gefl\u00fcchteten Mouhamed Lamine Dram\u00e9 aus dem Senegal mit Pfefferspray und Tasern traktiert und schlie\u00dflich mit f\u00fcnf Sch\u00fcssen aus einer Maschinenpistole get\u00f6tet haben. Dem 16-J\u00e4hrigen legte die Dortmunder Polizei noch Handschellen an, als dieser schon im Sterben lag. Dar\u00fcber hinaus versetzte der Einsatzleiter dem bereits am Boden Liegenden sogar noch einen Tritt. Diese Beobachtung hat ein Betreuer als Augenzeuge vor Gericht ausgesagt. Er hatte wegen der Bef\u00fcrchtung, Mouhamed k\u00f6nne sich selbst verletzen, die Polizei gerufen. Selbst die Staatsanwaltschaft h\u00e4lt das Vorgehen der Polizei f\u00fcr \u00fcberm\u00e4\u00dfige Gewalt. Der Todessch\u00fctze muss sich deshalb wegen Totschlags, drei Beamt*innen wegen gef\u00e4hrlicher K\u00f6rperverletzung im Amt und der Einsatzleiter wegen Anstiftung verantworten.<\/p>\n<p>Seit Januar stehen in Mannheim zwei Polizisten vor Gericht, die am 2. Mai 2022 Ante P. mit Pfefferspray und Schl\u00e4gen \u00fcberw\u00e4ltigten, am Boden auf dem Bauch liegend festhielten, mit Handschellen fesselten und &#8211; laut Gutachten der Rechtsmedizin in Heidelberg &#8211; dabei erstickten. Der 47-j\u00e4hrige hatte eine psychische Erkrankung und lebte seit 33 Jahren selbstst\u00e4ndig in einer eigenen Wohnung. Sein behandelnder Arzt am Zentrum f\u00fcr seelische Gesundheit hatte die Polizei gerufen, da er besorgt war, dass Ante P. sich in Gefahr bringen k\u00f6nnte. Am Tattag waren am Marktplatz, einem migrantischen Viertel der Stadt, rund 70 Zeug*innen vor Ort, die 120 Bilder und Videos aufgenommen haben. Auch diesen Aufnahmen ist es zu verdanken, dass es nun zu einem Gerichtsprozess wegen K\u00f6rperverletzung mit Todesfolge im Amt und fahrl\u00e4ssiger T\u00f6tung durch Unterlassen kommt. Kurz vor seinem Tod sagte Ante P.: \u201eIch will einen Richter\u201c.<\/p>\n<p>In Dortmund und Mannheim unterst\u00fctzen die Soligruppen auch die Nebenklage von Angeh\u00f6rigen der Opfer. Sie fordern Gerechtigkeit f\u00fcr die Get\u00f6teten und Konsequenzen f\u00fcr T\u00e4ter*innen. Auf der Veranstaltung im SO36 berichten sie \u00fcber die ersten Verhandlungstage, die Verteidigungsstrategie der Angeklagten und ihre Erfahrungen als solidarische Prozessbegleiter*innen. Dar\u00fcber hinaus sollen politische Forderungen diskutiert werden, um t\u00f6dliche Polizeigewalt effektiv zu bek\u00e4mpfen.<\/p>\n<p><strong>Die Veranstaltung wird in deutscher Sprache <a href=\"https:\/\/www.youtube.com\/watch?v=_a-03h7r9ac\">live auf YouTube \u00fcbertragen<\/a>.<\/strong><\/p>\n<p><em>Veranstaltende: Solidarit\u00e4tskreis Justice for Mouhamed | Initiative 2. Mai | Zeitschrift B\u00fcrgerrechte &amp; Polizei\/ CILIP | Recherchegruppe Death in Custody | Grundrechtekomitee | KOP Berlin | ISKS Berlin | Rote Hilfe OG Berlin | Republikanischer Anw\u00e4ltinnen- und Anw\u00e4lteverein | Initiative Schwarze Menschen in Deutschland<br \/>\n<\/em><\/p>\n<h3>Beitragsbild: Friedrich Kraft.<\/h3>\n<p><em><a href=\"https:\/\/wp-dev.daten.cool\/wp-content\/uploads\/2024\/02\/einzelfaelle_flyer.pdf\">Flyer A5 schwarz\/wei\u00df zum Ausdrucken und Verteilen (PDF)<\/a><\/em><br \/>\n<a href=\"https:\/\/wp-dev.daten.cool\/wp-content\/uploads\/2024\/02\/einzelfaelle_plakat.pdf\"><em>Plakat schwarz\/wei\u00df zum Ausdrucken (PDF)<\/em><\/a><\/p>\n<p><img loading=\"lazy\" decoding=\"async\" class=\"alignleft size-full wp-image-21580\" src=\"https:\/\/www.cilip.de\/wp-content\/uploads\/2024\/02\/einzelfaelle.png\" alt=\"\" width=\"582\" height=\"827\" srcset=\"https:\/\/wp-dev.daten.cool\/wp-content\/uploads\/2024\/02\/einzelfaelle.png 582w, https:\/\/wp-dev.daten.cool\/wp-content\/uploads\/2024\/02\/einzelfaelle-211x300.png 211w\" sizes=\"auto, (max-width: 582px) 100vw, 582px\" \/><\/p>\n<p><a href=\"https:\/\/wp-dev.daten.cool\/wp-content\/uploads\/2024\/02\/einzelfaelle_1.png\"><img loading=\"lazy\" decoding=\"async\" class=\"alignleft wp-image-21526 size-medium\" src=\"https:\/\/www.cilip.de\/wp-content\/uploads\/2024\/02\/einzelfaelle_1-250x250.png\" alt=\"\" width=\"250\" height=\"250\" \/><\/a> <a href=\"https:\/\/wp-dev.daten.cool\/wp-content\/uploads\/2024\/02\/einzelfaelle_2.png\"><img loading=\"lazy\" decoding=\"async\" class=\"alignleft size-medium wp-image-21527\" src=\"https:\/\/www.cilip.de\/wp-content\/uploads\/2024\/02\/einzelfaelle_2-250x250.png\" alt=\"\" width=\"250\" height=\"250\" \/><\/a> <a href=\"https:\/\/wp-dev.daten.cool\/wp-content\/uploads\/2024\/02\/einzelfaelle_3.png\"><img loading=\"lazy\" decoding=\"async\" class=\"alignleft size-medium wp-image-21528\" src=\"https:\/\/www.cilip.de\/wp-content\/uploads\/2024\/02\/einzelfaelle_3-250x250.png\" alt=\"\" width=\"250\" height=\"250\" \/><\/a> <a href=\"https:\/\/wp-dev.daten.cool\/wp-content\/uploads\/2024\/02\/einzelfaelle_4.png\"><img loading=\"lazy\" decoding=\"async\" class=\"alignleft size-medium wp-image-21529\" src=\"https:\/\/www.cilip.de\/wp-content\/uploads\/2024\/02\/einzelfaelle_4.png\" alt=\"\" width=\"250\" height=\"250\" \/><\/a><\/p>\n<p>&nbsp;<\/p>\n","protected":false},"excerpt":{"rendered":"<p>Veranstaltung mit dem Solidarit\u00e4tskreis Justice for Mouhamed (Dortmund) und der Initiative 2. Mai (Mannheim) 21.<\/p>\n","protected":false},"author":2,"featured_media":21539,"parent":21557,"menu_order":0,"comment_status":"closed","ping_status":"closed","template":"","meta":{"footnotes":""},"class_list":["post-21559","page","type-page","status-publish","has-post-thumbnail","hentry"],"_links":{"self":[{"href":"https:\/\/wp-dev.daten.cool\/index.php?rest_route=\/wp\/v2\/pages\/21559","targetHints":{"allow":["GET"]}}],"collection":[{"href":"https:\/\/wp-dev.daten.cool\/index.php?rest_route=\/wp\/v2\/pages"}],"about":[{"href":"https:\/\/wp-dev.daten.cool\/index.php?rest_route=\/wp\/v2\/types\/page"}],"author":[{"embeddable":true,"href":"https:\/\/wp-dev.daten.cool\/index.php?rest_route=\/wp\/v2\/users\/2"}],"replies":[{"embeddable":true,"href":"https:\/\/wp-dev.daten.cool\/index.php?rest_route=%2Fwp%2Fv2%2Fcomments&post=21559"}],"version-history":[{"count":0,"href":"https:\/\/wp-dev.daten.cool\/index.php?rest_route=\/wp\/v2\/pages\/21559\/revisions"}],"up":[{"embeddable":true,"href":"https:\/\/wp-dev.daten.cool\/index.php?rest_route=\/wp\/v2\/pages\/21557"}],"wp:featuredmedia":[{"embeddable":true,"href":"https:\/\/wp-dev.daten.cool\/index.php?rest_route=\/wp\/v2\/media\/21539"}],"wp:attachment":[{"href":"https:\/\/wp-dev.daten.cool\/index.php?rest_route=%2Fwp%2Fv2%2Fmedia&parent=21559"}],"curies":[{"name":"wp","href":"https:\/\/api.w.org\/{rel}","templated":true}]}}