{"id":21771,"date":"2024-05-07T07:28:58","date_gmt":"2024-05-07T07:28:58","guid":{"rendered":"https:\/\/www.cilip.de\/?page_id=21771"},"modified":"2024-05-07T07:28:58","modified_gmt":"2024-05-07T07:28:58","slug":"polizeiproblem-5-2024","status":"publish","type":"page","link":"https:\/\/wp-dev.daten.cool\/?page_id=21771","title":{"rendered":"Polizeiproblem 5\/2024"},"content":{"rendered":"<p><strong>Ermittlungen gegen Polizist*innen:<\/strong><\/p>\n<p>7. Mai: Die Polizei in Berlin hat nun den zweiten, in einem Ermittlungsverfahren wegen schweren Raubes verd\u00e4chtigen Kommissar <a href=\"https:\/\/www.bz-berlin.de\/polizei\/polizist-schulden-kollegen-raeuber\">festnehmen lassen<\/a>. Laut der Berliner Generalstaatsanwaltschaft soll er &#8222;mitt\u00e4terschaftlich mit seinem Kollegen nach seinem Dienst und unter Verwendung des zivilen Dienstautos einen Einsatz vorget\u00e4uscht haben&#8220;. Dabei wurden 57.000 Euro beschlagnahmt und verschwanden schlie\u00dflich, mutma\u00dflich in den taschen der beiden Beamt*innen.<\/p>\n<p>8. Mai: Die Staatsanwaltschaft Gera <a href=\"https:\/\/www.mdr.de\/nachrichten\/thueringen\/west-thueringen\/wartburgkreis\/eisenach-polizei-kontakte-neonazis-knockout-100.html\">ermittelt gegen sechs Th\u00fcringer Polizeibeamte<\/a> wegen der mutma\u00dflichen Verletzung von Dienstgeheimnissen. Ihnen wird vorgeworfen, Interna an Mitglieder der Nazi-Gruppe &#8222;Knockout 51&#8220; weitergegeben zu haben, sagte ein Sprecher zum MDR. Ein Polizist soll von einem Rechtsextremisten zudem als &#8222;Kumpel&#8220; und &#8222;einer von uns&#8220; bezeichnet worden sein. Die Ermittlungen seien noch nicht abgeschlossen. Die Beschuldigten sollen im S\u00fcdth\u00fcringer Raum als Polizeibeamte t\u00e4tig gewesen sein.<\/p>\n<p>29. Mai: Nachdem Polizisten in der Neuk\u00f6llner Sonnenallee Anwohner verpr\u00fcgelt hatten, <a href=\"https:\/\/www.berliner-zeitung.de\/mensch-metropole\/berlin-polizist-pruegelt-auf-palaestina-demonstranten-ein-jetzt-wird-gegen-ihn-ermittelt-li.2219743\">ermittelt nun<\/a> ein Kommissariat f\u00fcr Beamtendelikte gegen einen Verd\u00e4chtigen. Nach Ende einer Demonstration standen sich beamte und zwei Jugendliche in einem Hauseingang gegen\u00fcber. Pl\u00f6tzlich schl\u00e4gt einer der Beamten mit mehreren gezielten Boxhieben auf diese ein. Von dem Vorfall gibt es ein Video.<\/p>\n<p><strong>Tod bei Polizeieinsatz:<\/strong><\/p>\n<p>10. Mai: Ein 35 Jahre alter Radfahrer <a href=\"https:\/\/www.rbb24.de\/panorama\/beitrag\/2024\/05\/brandenburg-polizei-kontrolle-wittenberge-radfahrer-tot-gelaender-sturz.html\">starb in Wittenberge<\/a> (Prignitz), nachdem er von der Polizei wegen des Verdachts einer Trunkenheitsfahrt gestoppt worden war. &#8222;Weggef\u00e4hrten des Mannes&#8220; seien dazugekommen. Pl\u00f6tzlich sei er in Richtung eines angrenzenden Br\u00fcckengel\u00e4nders gelaufen, dar\u00fcber gest\u00fcrzt und noch vor Ort gestorben.<\/p>\n<p><strong>Waffenprobleme:<\/strong><\/p>\n<p>15. Mai: Vor einer angek\u00fcndigten Pr\u00fcfung sind beim LKA Sachsen-Anhalt offenbar zahlreiche Waffen, mehr als 69.000 Schuss Munition und 108 nicht mehr ben\u00f6tigte Gegenst\u00e4nde aus der sogenannten Vergleichswaffensammlung <a href=\"https:\/\/www.mdr.de\/nachrichten\/sachsen-anhalt\/lka-vernichtet-waffen-munition-pruefung-100.html\">vernichtet worden<\/a>. Die Kontrolle sollte erfolgen, nachdem bekannt wurde, dass rund 270 Waffen nicht nach Vorschrift dorthin gelangt sind.<\/p>\n<p><strong> Polizei und Pressefreiheit<\/strong><\/p>\n<p>23. Mai: Bei der von der Landesregierung eigenm\u00e4chtig angeordneten R\u00e4umung einer Besetzung von R\u00e4umen der Humboldt Universit\u00e4t in Berlin durch die Polizei wird ein Videojournalist der Berliner Zeitung, von einem Polizisten <a href=\"https:\/\/www.berliner-zeitung.de\/mensch-metropole\/polizei-greift-journalisten-der-berliner-zeitung-bei-raeumung-der-humboldt-universitaet-an-li.2218115\">von hinten zu Boden gerissen<\/a>, mit F\u00e4usten ins Gesicht geschlagen und dabei verletzt, anschlie\u00dfend \u00fcber mehrere Stunden mit Handschellen fixiert. Der Arztbericht benennt multiple Sch\u00fcrfwunden und H\u00e4matome \u00fcber dem linken Ohr, im Gesicht, auf dem Brustkorb und am linken Arm.<\/p>\n<p><strong>Urteile gegen Polizist*innen:<\/strong><\/p>\n<p>28. Mai: Bei einer Einsatzfahrt zu einem Einbruch, bei der keine akute Gef\u00e4hrdung f\u00fcr Personen vorliegt, kann der unfallverursachende Polizist <a href=\"https:\/\/www.wbs.legal\/verkehrsrecht\/bei-fahrt-zu-einem-einbruch-haftet-polizist-fuer-autounfall-waehrend-einsatz-76584\/\">in Regress genommen werden<\/a>. Das entschied das Verwaltungsgericht Berlin und lehnte damit die Ansicht des Polizisten ab, ihm sei lediglich eine einfache Fahrl\u00e4ssigkeit vorzuwerfen. Das Polizeifahrzeug war bei dem Unfall mit einer Geschwindigkeit von 92 km\/h unterwegs. Wegen einem grob fahrl\u00e4ssigem Versto\u00df gegen seine dienstlichen Sorgfaltspflichten war der Polizeikommissar vom Polizeipr\u00e4sidenten dazu verpflichtet worden, die H\u00e4lfte des am Einsatzfahrzeug entstandenen Schadens zu ersetzen. Dagegen hatte der Mann geklagt.<\/p>\n<p>29. Mai: Die Staatsanwaltschaft Mannheim hat die Ermittlungen gegen den Polizisten, der am 23. Dezember 2023 Ertekin \u00d6. auf der Sch\u00f6nau erschossen hat, &#8222;wegen erwiesener Unschuld&#8220; <a href=\"https:\/\/www.swr.de\/swraktuell\/baden-wuerttemberg\/mannheim\/ermittlungen-toedlicher-polizeischuss-schoenau-eingestellt-100.html\">eingestellt<\/a>. Er habe auf den 49-j\u00e4hrigen Mann in Notwehr geschossen. Das LKA hatte im Rahmen seiner Ermittlungen umfangreiches Material gesammelt, darunter mehrere Handyvideos. Demnach h\u00e4tten die Polizeibeamten mindestens zehn Minuten lang versucht, den Mann zu \u00fcberzeugen, ein K\u00fcchenmesser wegzulegen.<\/p>\n<p><strong>Polizeisch\u00fcsse:<\/strong><\/p>\n<p>31. Mai: Auf dem Mannheimer Marktplatz <a href=\"https:\/\/www.presseportal.de\/blaulicht\/pm\/110980\/5791504\">schie\u00dft die Polizei<\/a> auf einen Mann, der zuvor mehrere Teilnehmer der Kundgebung der B\u00fcrgerbewegung PAX Europa e. V. angegriffen und mit einem Messer auf diese eingestochen hatte. Ein Polizist, dem der Mann in den Hals gestochen hatte, verstarb zwei Tage darauf.<\/p>\n<h3>Beitragsbild: Polizeieinsatz bei der Demonstration gegen Tesla in Gr\u00fcnheide bei Berlin (<a href=\"https:\/\/www.flickr.com\/photos\/wasserwaldgerechtigkeit\/53711507391\/\">Tim Wagner<\/a>).<\/h3>\n","protected":false},"excerpt":{"rendered":"<p>Ermittlungen gegen Polizist*innen: 7. Mai: Die Polizei in Berlin hat nun den zweiten, in einem<\/p>\n","protected":false},"author":2,"featured_media":21778,"parent":20551,"menu_order":5,"comment_status":"closed","ping_status":"closed","template":"","meta":{"footnotes":""},"class_list":["post-21771","page","type-page","status-publish","has-post-thumbnail","hentry"],"_links":{"self":[{"href":"https:\/\/wp-dev.daten.cool\/index.php?rest_route=\/wp\/v2\/pages\/21771","targetHints":{"allow":["GET"]}}],"collection":[{"href":"https:\/\/wp-dev.daten.cool\/index.php?rest_route=\/wp\/v2\/pages"}],"about":[{"href":"https:\/\/wp-dev.daten.cool\/index.php?rest_route=\/wp\/v2\/types\/page"}],"author":[{"embeddable":true,"href":"https:\/\/wp-dev.daten.cool\/index.php?rest_route=\/wp\/v2\/users\/2"}],"replies":[{"embeddable":true,"href":"https:\/\/wp-dev.daten.cool\/index.php?rest_route=%2Fwp%2Fv2%2Fcomments&post=21771"}],"version-history":[{"count":0,"href":"https:\/\/wp-dev.daten.cool\/index.php?rest_route=\/wp\/v2\/pages\/21771\/revisions"}],"up":[{"embeddable":true,"href":"https:\/\/wp-dev.daten.cool\/index.php?rest_route=\/wp\/v2\/pages\/20551"}],"wp:featuredmedia":[{"embeddable":true,"href":"https:\/\/wp-dev.daten.cool\/index.php?rest_route=\/wp\/v2\/media\/21778"}],"wp:attachment":[{"href":"https:\/\/wp-dev.daten.cool\/index.php?rest_route=%2Fwp%2Fv2%2Fmedia&parent=21771"}],"curies":[{"name":"wp","href":"https:\/\/api.w.org\/{rel}","templated":true}]}}