{"id":23070,"date":"2024-07-05T19:34:41","date_gmt":"2024-07-05T19:34:41","guid":{"rendered":"https:\/\/www.cilip.de\/?page_id=23070"},"modified":"2024-07-05T19:34:41","modified_gmt":"2024-07-05T19:34:41","slug":"polizeiproblem-7-2024","status":"publish","type":"page","link":"https:\/\/wp-dev.daten.cool\/?page_id=23070","title":{"rendered":"Polizeiproblem 7\/2024"},"content":{"rendered":"<p><strong>Ermittlungen gegen Polizist*innen:<\/strong><\/p>\n<p>4. Juli: Die Staatsanwaltschaft Schwerin f\u00fchrt Ermittlungen gegen Mitarbeiter der zentralen KfZ-Werkstatt der Landespolizei durch. Den Besch\u00e4ftigten <a href=\"https:\/\/www.ndr.de\/nachrichten\/mecklenburg-vorpommern\/Razzia-in-Werkstatt-der-Landespolizei-Verdacht-auf-Betrug-und-Unterschlagung,werkstatt176.html\">wird vorgeworfen<\/a>, &#8222;gegen Spende&#8220; ihre privaten Fahrzeuge sowie die ihrer Angeh\u00f6rigen auf Kosten des Landes und damit der Steuerzahler repariert zu haben. Zwei Mitarbeiter wurden entlassen, gegen andere laufen Abmahnungen.<\/p>\n<p>5. Juli: Nach Einstellung der Hamburger Ermittlungen gegen drei Beamte einer Beweissicherungs- und Festnahmeeinheit aus Baden-W\u00fcrttemberg, aus deren Einheit beim G20-Gipfel 2017 brutale Angriffe auf eine Muskikgruppe erfolgten, haben die Vorgesetzten einen der Beamten wegen gewaltverherrlichender und rechtsextremer Chatverl\u00e4ufe ein Disziplinarverfahren &#8222;und weitere Ermittlungen&#8220; eingeleitet. <a href=\"https:\/\/www.spiegel.de\/panorama\/justiz\/illegale-polizeigewalt-bei-g20-in-hamburg-mit-dem-schlagstock-gegen-das-wadenbein-a-fe1a2683-0146-4056-9508-fa4281738f86\">Den &#8222;Spiegel&#8220;<\/a> wies die baden-w\u00fcrttembergische Beh\u00f6rde darauf hin, dass &#8222;keiner der genannten Beamten einen Beschuldigtenstatus hat&#8220;. Von den durch die Staatsanwaltschaft 157 eingeleiteten Ermittlungsverfahren gegen Polizist*innen wurden fast alle eingestellt. In einem Fall muss das Gericht noch entscheiden, ob der Anklageerhebung stattgegeben wird. Ein Ermittlungsverfahren ist noch offen.<\/p>\n<p>10. Juli: Sachsens Innenminister Armin Schuster (CDU) hat den Chef der Polizeifachschule Schneeberg <a href=\"https:\/\/www.tag24.de\/entertainment\/schneeberg-sex-suff-und-schlaege-an-saechsischer-polizeifachschule-minister-feuert-schulleiter-3241114\">seines Amtes enthoben<\/a>. Er soll sexuelle Beziehungen zu Sch\u00fclerinnen unterhalten haben, auch von sexuellem Missbrauch ist die Rede. Gegen andere Polizeilehrer gibt es Vorw\u00fcrfe wegen Alkoholfahrten und Gewalt gegen Auszubildende. Zudem soll eine Lehrerin betrunken zum Dienst gefahren sein. Ein anderer Lehrer sei bekannt f\u00fcr Beleidigungen und schlage Polizeisch\u00fcler.<\/p>\n<p>12. Juli: Die Polizeidirektion Dresden <a href=\"https:\/\/www.tagesspiegel.de\/gesellschaft\/panorama\/strafverfahren-gegen-dresdner-beamten-polizist-zeigt-bei-einer-feier-den-hitlergruss-12015854.html\">ermittelt gegen einen unbekannten Beamten<\/a> wegen des Verdachts der Verwendung von Kennzeichen verfassungswidriger Organisationen. Bei einer Feier auf der Burg Hohnstein in der S\u00e4chsischen Schweiz soll der Beamte in Zivil den Hitlergru\u00df gezeigt haben. Die Gruppe war offenbar alkoholisiert und spielte das Lied \u201eL\u2019Amour Toujours\u201c von Gigi D\u2019Agostino ab. Neben einem Strafverfahren werden disziplinarrechtliche Ma\u00dfnahmen gepr\u00fcft.<\/p>\n<p>23. Juli: Mehr als ein Jahr nach den Polizeisch\u00fcssen auf einen 19-j\u00e4hrigen Autofahrer in Bad Salzuflen ermittelt die Staatsanwaltschaft wegen gef\u00e4hrlicher K\u00f6rperverletzung im Amt nur noch gegen zwei der sechs Sch\u00fctzen. Die Verfahren gegen vier Polizistinnen <a href=\"https:\/\/www.wz.de\/nrw\/polizeischuesse-auf-19-jaehrigen-vier-verfahren-eingestellt_aid-116694975\">wurden eingestellt<\/a>, da kein hinreichender Tatverdacht vorliegt. Insgesamt fielen 34 Sch\u00fcsse in der Nacht zum 3. Juni 2023, nachdem sechs Polizisten nach einer Verfolgungsjagd in einer Sackgasse das Feuer er\u00f6ffnet hatten. F\u00fcnf Kugeln trafen den jungen Mann, der nun querschnittsgel\u00e4hmt ist. Gegen ihn wird wegen versuchten Mordes ermittelt. Ob und wann eine Anklage gegen die zwei verbleibenden Polizisten erfolgt, ist unklar. Der 19-J\u00e4hrige war einer Zivilstreife aufgefallen, weil er ohne Licht fuhr und trotz Aufforderung der Polizei nicht anhielt. Er floh mit hohem Tempo, wendete in einer Sackgasse und fuhr nach Darstellung der Polizei auf zwei Beamte zu.<\/p>\n<p>28. Juli: Gegen einen Polizisten in Berlin wird wegen des Verdachts auf K\u00f6rperverletzung im Amt <a href=\"https:\/\/www.morgenpost.de\/berlin\/article406894544\/polizist-schlaegt-demonstrantin-ins-gesicht-ermittlungen-nach-video.html\">ermittelt<\/a>. Ein Video auf X zeigt, wie der Beamte einer Demonstrantin ins Gesicht schl\u00e4gt. Der Vorfall ereignete sich bei einer Pro-Pal\u00e4stina-Demonstration am 20. Juli in Berlin. Die Polizei pr\u00fcft, ob die Gewaltanwendung aus ihrer Sicht verh\u00e4ltnism\u00e4\u00dfig war. Dazu wurde das Video &#8222;zur Pr\u00fcfung der Rechtsm\u00e4\u00dfigkeit der Anwendung von unmittelbarem Zwang in Form k\u00f6rperlicher Gewalt an ein f\u00fcr Amtsdelikte zust\u00e4ndiges Fachkommissariat im Landeskriminalamt \u00fcbermittelt&#8220;.<\/p>\n<p>28. Juli: Die Polizei in Bremen hat einen wegen des Verdachts der sexuellen Bel\u00e4stigung Polizei verfolgten 33-J\u00e4hrigen auf einem E-Scooter mit einem Einsatzwagen gerammt und zu Fall gebracht. Die Polizeistreife war Passanten alarmiert worden. Auf einem Video ist zu erkennen, wie der Mann abrupt gest\u00fcrzt ist. Er sei jedoch nicht verletzt worden, sagte die Polizei. Der Sachverhalt befinde sich &#8222;aktuell in einer internen \u00dcberpr\u00fcfung&#8220;.<\/p>\n<p>29. Juli: <a href=\"https:\/\/de.nachrichten.yahoo.com\/urteil-rheinland-pfalz-polizist-darf-094539431.html\">Laut einem Urteil<\/a> des Verwaltungsgerichts in Trier darf ein Polizist, der nebenberuflich einen privaten Autohandel betreibt, entlassen werden. Demnach schadet es dem Ruf der \u00f6ffentlichen Verwaltung, wenn Beamte ein zweites wirtschaftliches Standbein haben. Dem Polizisten aus Rheinland-Pfalz wurde vorgeworfen, \u00fcber sechs Jahre hinweg Autos verkauft und dabei bis zu zwei Millionen Euro j\u00e4hrlich verdient zu haben. Zus\u00e4tzlich nutzte er seine dienstliche Telefonnummer f\u00fcr den Handel. Im Juli wurde er aus dem Dienst entlassen.<\/p>\n<p><strong>Urteile gegen Polizist*innen:<\/strong><\/p>\n<p>9. Juli: Eine Berliner Polizistin wurde wegen Volksverhetzung zu einer Geldstrafe von 8400 Euro <a href=\"https:\/\/www.nd-aktuell.de\/artikel\/1183594.rassismus-polizistin-verurteilt-ganz-normaler-umgangston.html\">verurteilt<\/a>. Sollte das Urteil rechtskr\u00e4ftig werden, verliert sie ihren Dienst. Die 35-j\u00e4hrige Annika B. hatte an der Polizeiakademie mehrere beleidigende und rassistische \u00c4u\u00dferungen gegen\u00fcber einem Kollegen, Leon L., get\u00e4tigt. Das Amtsgericht Tiergarten sah es als erwiesen an, dass sie ihn in drei Vorf\u00e4llen beleidigt und herabgew\u00fcrdigt hat. Annika B. bestritt die Vorw\u00fcrfe, konnte das Gericht jedoch nicht \u00fcberzeugen.<\/p>\n<p>15. Juli: Das Oberlandesgericht Frankfurt <a href=\"https:\/\/www.hessenschau.de\/panorama\/frankfurt-kein-prozess-wegen-rechtsextremer-polizisten-chats-v1,rechtsextremer-polizei-chat-olg-urteil-100.html\">hat entschieden<\/a>, dass es keinen Prozess gegen die Polizist*innen geben wird, die unter anderem in einer Chatgruppe namens &#8222;Itiotentreff&#8220; rechtsextreme Inhalte ausgetauscht haben. Die f\u00fcnf Polizisten und eine Polizistin vom 1. Frankfurter Revier sollen rassistische und antisemitische Inhalte geteilt haben. Das Landgericht hatte bereits ein Hauptverfahren abgelehnt, und die Beschwerde der Staatsanwaltschaft war erfolglos. Es liege kein hinreichender Tatverdacht vor, da die Inhalte nur in privaten, geschlossenen Chatgruppen verbreitet wurden und nicht an einen gr\u00f6\u00dferen Personenkreis gelangten. Die Entscheidung ist endg\u00fcltig und nicht anfechtbar. Trotz der Entscheidung des Oberlandesgerichts m\u00fcssen die Beschuldigten mit dienstrechtlichen Konsequenzen rechnen. Bereits eingeleitete Disziplinarverfahren sollen fortgef\u00fchrt werden.<\/p>\n<p><strong>Polizeisch\u00fcsse:<\/strong><\/p>\n<p>10. Juli: In Oberhausen schoss die Polizei auf einem Spielplatz <a href=\"https:\/\/essen.polizei.nrw\/presse\/12-jaehriges-maedchen-mit-messer-auf-spielplatz-polizei-gibt-warnschuesse-in-die-luft-ab-maedchen-unverletzt-ueberwaeltigt\">auf ein 12-j\u00e4hriges M\u00e4dchen<\/a>, das dort mit einem Messer hantiert haben soll. Zeugen h\u00e4tten deshalb die Einsatzkr\u00e4fte alarmiert. Als die Beamten eintrafen, sei das Kind \u201ein bedrohlicher Weise\u201c mit dem Messer auf die Polizisten zugegangen, erkl\u00e4rten Staatsanwaltschaft und Polizei. Weil sie trotz Aufforderungen nicht stehenblieb, habe eine Beamtin zwei Warnsch\u00fcsse in die Luft abgegeben. Das M\u00e4dchen habe dann mithilfe eines Zeugen \u00fcberw\u00e4ltigt werden k\u00f6nnen.<\/p>\n<p>22. Juli: Am Berliner Ostbahnhof hat ein Bundespolizist einen Mann <a href=\"https:\/\/www.tagesspiegel.de\/berlin\/am-berliner-ostbahnhof-polizist-schiesst-mann-nach-angriff-auf-bahn-mitarbeiter-an-12068135.html\">angeschossen<\/a>, der einen Mitarbeiter einer Bahngesellschaft mit einem \u201egef\u00e4hrlichen Gegenstand\u201c angegriffen haben soll. Er wurde am Oberschenkel getroffen.<\/p>\n<p><strong>Tod bei Polizeieinsatz:<\/strong><\/p>\n<p>23. Juli: Nach einem Unfall mit einem Polizeifahrzeug starb ein F\u00fcnfj\u00e4hriger <a href=\"https:\/\/www.hessenschau.de\/panorama\/kassel-fuenfjaehriger-stirbt-bei-unfall-mit-streifenwagen-v1,junge-kassel-polizeiauto-100.html\">in Kassel<\/a>. Das Kind wollte eine Stra\u00dfe \u00fcberqueren, als ihn das Auto w\u00e4hrend einer Alarmfahrt erfasste.<\/p>\n<p><strong>Polizeiliche Todessch\u00fcsse:<\/strong><\/p>\n<p>31. Juli: In Oberkirch hat die Polizei einen psychisch auff\u00e4lligen Mann <a href=\"https:\/\/www.presseportal.de\/blaulicht\/pm\/110980\/5834839\">in seiner Wohnung erschossen<\/a>. Nach einer Mitteilung seien Einsatzkr\u00e4fte davon ausgegangen, dass von dem 39j\u00e4hrigen Mann &#8222;eine Gef\u00e4hrdung Dritter, verbunden mit einer akuten Suizidandrohung ausgeht&#8220;, schreibt die Polizei zum Hergang. Polizeikr\u00e4fte h\u00e4tten den Mann schlie\u00dflich blutend in seiner Wohnung vorgefunden. &#8222;Nach derzeitigem Sachstand&#8220; sei dieser mit einem Messer auf die Beamten losgegangen. &#8222;Es kam zum Schusswaffengebrauch&#8220;, hei\u00dft es weiter. Der Mann verstarb noch vor Ort.<\/p>\n<h3>Beitragsbild: Spanische Gendarmen mit der Bundespolizei bei der EM 2024 (Guardia Civil).<\/h3>\n","protected":false},"excerpt":{"rendered":"<p>Ermittlungen gegen Polizist*innen: 4. Juli: Die Staatsanwaltschaft Schwerin f\u00fchrt Ermittlungen gegen Mitarbeiter der zentralen KfZ-Werkstatt<\/p>\n","protected":false},"author":2,"featured_media":23227,"parent":20551,"menu_order":7,"comment_status":"closed","ping_status":"closed","template":"","meta":{"footnotes":""},"class_list":["post-23070","page","type-page","status-publish","has-post-thumbnail","hentry"],"_links":{"self":[{"href":"https:\/\/wp-dev.daten.cool\/index.php?rest_route=\/wp\/v2\/pages\/23070","targetHints":{"allow":["GET"]}}],"collection":[{"href":"https:\/\/wp-dev.daten.cool\/index.php?rest_route=\/wp\/v2\/pages"}],"about":[{"href":"https:\/\/wp-dev.daten.cool\/index.php?rest_route=\/wp\/v2\/types\/page"}],"author":[{"embeddable":true,"href":"https:\/\/wp-dev.daten.cool\/index.php?rest_route=\/wp\/v2\/users\/2"}],"replies":[{"embeddable":true,"href":"https:\/\/wp-dev.daten.cool\/index.php?rest_route=%2Fwp%2Fv2%2Fcomments&post=23070"}],"version-history":[{"count":0,"href":"https:\/\/wp-dev.daten.cool\/index.php?rest_route=\/wp\/v2\/pages\/23070\/revisions"}],"up":[{"embeddable":true,"href":"https:\/\/wp-dev.daten.cool\/index.php?rest_route=\/wp\/v2\/pages\/20551"}],"wp:featuredmedia":[{"embeddable":true,"href":"https:\/\/wp-dev.daten.cool\/index.php?rest_route=\/wp\/v2\/media\/23227"}],"wp:attachment":[{"href":"https:\/\/wp-dev.daten.cool\/index.php?rest_route=%2Fwp%2Fv2%2Fmedia&parent=23070"}],"curies":[{"name":"wp","href":"https:\/\/api.w.org\/{rel}","templated":true}]}}