{"id":23099,"date":"2024-07-12T22:33:48","date_gmt":"2024-07-12T22:33:48","guid":{"rendered":"https:\/\/www.cilip.de\/?page_id=23099"},"modified":"2024-07-12T22:33:48","modified_gmt":"2024-07-12T22:33:48","slug":"135-juli-2024-abolitionismus-impulse-aus-der-praxis","status":"publish","type":"page","link":"https:\/\/wp-dev.daten.cool\/?page_id=23099","title":{"rendered":"135 (Juli 2024) Abolitionismus &#8211; Impulse aus der Praxis"},"content":{"rendered":"<p><a href=\"https:\/\/www.cilip.de\/2024\/07\/19\/redaktionsmitteilung-50\/\"><strong>Redaktionsmitteilung<\/strong><\/a><br \/>\n<a href=\"https:\/\/www.cilip.de\/2024\/07\/19\/vorwort\/\"><strong>Vorwort<\/strong><\/a><\/p>\n<p><a href=\"https:\/\/www.cilip.de\/2024\/07\/19\/warum-abolitionismus-theorie-und-praxis-einer-nicht-neuen-bewegung\/\"><strong>Warum Abolitionismus?<\/strong><\/a><br \/>\nHannah V\u00f6gele, Lara M\u00f6ller, Rebecca Merdes<br \/>\n<strong>Die Konsequenz ist Widerstand<\/strong><br \/>\nMigrantifa Berlin<br \/>\n<strong>\u201eCommunity schafft keine Sicherheit\u201c<\/strong><br \/>\nInterview mit Bethi Ngari von Women in Exile<br \/>\n<strong>Praxis der Widerspr\u00fcche<\/strong><br \/>\nCriminals for Freedom<br \/>\n<strong>Vom Berliner Flughafen zu EU-Grenzen<\/strong><br \/>\nEve M., Sophia D.<br \/>\n<strong>Alternative Sicherheit in Kurdistan<\/strong><br \/>\nCen\u00ee &#8211; Kurdisches Frauenb\u00fcro f\u00fcr Frieden<br \/>\n<strong>Antisemitismus als Grenzmechanismus<\/strong><br \/>\nMa\u2019ayan Ashash, Danna Marshall<br \/>\n<strong>Alternativen lebbar machen<\/strong><br \/>\nEin Gespr\u00e4ch zu Abolitionismus in Europa<br \/>\n<a href=\"https:\/\/www.cilip.de\/2024\/07\/19\/nachruf-auf-biplab-basu-solidarity-is-a-weapon\/\"><strong>Nachruf auf Biplab Basu<\/strong><\/a><br \/>\nLina Schmid, Gonca Sa\u011flam f\u00fcr KOP Berlin<\/p>\n<p><strong>Die AfD an der Macht<\/strong><br \/>\nArne Semsrott<br \/>\n<strong>Strafrecht statt Sozialarbeit<\/strong><br \/>\nNorbert P\u00fctter<\/p>\n<p><strong>Inland aktuell<\/strong><br \/>\n<strong>Meldungen aus Europa<\/strong><br \/>\n<a href=\"https:\/\/www.cilip.de\/2024\/07\/19\/literatur-77\/\"><strong>Literatur<\/strong><\/a><br \/>\n<strong>Mitarbeiter*innen dieser Ausgabe<\/strong><\/p>\n","protected":false},"excerpt":{"rendered":"<p>Redaktionsmitteilung Vorwort Warum Abolitionismus? Hannah V\u00f6gele, Lara M\u00f6ller, Rebecca Merdes Die Konsequenz ist Widerstand Migrantifa<\/p>\n","protected":false},"author":2,"featured_media":23100,"parent":21668,"menu_order":0,"comment_status":"closed","ping_status":"closed","template":"page-templates\/full-width.php","meta":{"footnotes":""},"class_list":["post-23099","page","type-page","status-publish","has-post-thumbnail","hentry"],"_links":{"self":[{"href":"https:\/\/wp-dev.daten.cool\/index.php?rest_route=\/wp\/v2\/pages\/23099","targetHints":{"allow":["GET"]}}],"collection":[{"href":"https:\/\/wp-dev.daten.cool\/index.php?rest_route=\/wp\/v2\/pages"}],"about":[{"href":"https:\/\/wp-dev.daten.cool\/index.php?rest_route=\/wp\/v2\/types\/page"}],"author":[{"embeddable":true,"href":"https:\/\/wp-dev.daten.cool\/index.php?rest_route=\/wp\/v2\/users\/2"}],"replies":[{"embeddable":true,"href":"https:\/\/wp-dev.daten.cool\/index.php?rest_route=%2Fwp%2Fv2%2Fcomments&post=23099"}],"version-history":[{"count":0,"href":"https:\/\/wp-dev.daten.cool\/index.php?rest_route=\/wp\/v2\/pages\/23099\/revisions"}],"up":[{"embeddable":true,"href":"https:\/\/wp-dev.daten.cool\/index.php?rest_route=\/wp\/v2\/pages\/21668"}],"wp:featuredmedia":[{"embeddable":true,"href":"https:\/\/wp-dev.daten.cool\/index.php?rest_route=\/wp\/v2\/media\/23100"}],"wp:attachment":[{"href":"https:\/\/wp-dev.daten.cool\/index.php?rest_route=%2Fwp%2Fv2%2Fmedia&parent=23099"}],"curies":[{"name":"wp","href":"https:\/\/api.w.org\/{rel}","templated":true}]}}