{"id":23302,"date":"2007-01-21T22:20:00","date_gmt":"2007-01-21T21:20:00","guid":{"rendered":"https:\/\/www.cilip.de\/?page_id=23302"},"modified":"2007-01-21T22:20:00","modified_gmt":"2007-01-21T21:20:00","slug":"rasterfahndung","status":"publish","type":"page","link":"https:\/\/wp-dev.daten.cool\/?page_id=23302","title":{"rendered":"Rasterfahndung"},"content":{"rendered":"\n<figure class=\"wp-block-table\">\n<table>\n<tbody>\n<tr>\n<td>Datum<\/td>\n<td>Titel<\/td>\n<td>Datei<\/td>\n<td>Gr\u00f6\u00dfe<\/td>\n<\/tr>\n<tr>\n<td>04.04.2006<\/td>\n<td><strong>Bundesverfassungsgericht: Zur Verfassungsm\u00e4\u00dfigkeit der pr\u00e4ventivpolizeilichen Rasterfahndung<\/strong> Beschluss v. 4.4.2006 &#8211; Az.: 1 BvR 518\/02 (31 Seiten)<br \/><em>Leits\u00e4tze: 1) Eine pr\u00e4ventive polizeiliche Rasterfahndung der in \u00a7 31 PolG NW 1990 geregelten Art ist mit dem Grundrecht auf informationelle Selbstbestimmung (Art. 2 Abs. 1 in Verbindung mit Art. 1 Abs. 1 GG) nur vereinbar, wenn eine konkrete Gefahr f\u00fcr hochrangige Rechtsg\u00fcter wie den Bestand oder die Sicherheit des Bundes oder eines Landes oder f\u00fcr Leib, Leben oder Freiheit einer Person gegeben ist. Im Vorfeld der Gefahrenabwehr scheidet eine solche Rasterfahndung aus.<br \/>2) Eine allgemeine Bedrohungslage, wie sie im Hinblick auf terroristische Anschl\u00e4ge seit dem 11. September 2001 durchgehend bestanden hat, oder au\u00dfenpolitische Spannungslagen reichen f\u00fcr die Anordnung der Rasterfahndung nicht aus. Vorausgesetzt ist vielmehr das Vorliegen weiterer Tatsachen, aus denen sich eine konkrete Gefahr, etwa f\u00fcr die Vorbereitung oder Durchf\u00fchrung terroristischer Anschl\u00e4ge, ergibt.<\/em><br \/>Herunterladbar von der Seite des BVerfG unter: <a href=\"http:\/\/www.bundesverfassungsgericht.de\/entscheidungen\/rs20060404_1bvr051802.html\">http:\/\/www.bundesverfassungsgericht.de\/entscheidungen\/rs20060404_1bvr051802.html<\/a><br \/>siehe auch die Pressemitteilung des BVerfG unter: <a href=\"http:\/\/www.bundesverfassungsgericht.de\/pressemitteilungen\/bvg06-040.html\">http:\/\/www.bundesverfassungsgericht.de\/pressemitteilungen\/bvg06-040.html<\/a><\/td>\n<td><a href=\"https:\/\/archiv.cilip.de\/Dokumente\/Terrorgesetze\/bverfge_1bvr518-02_raster.pdf\">PDF<\/a><\/td>\n<td>340\u00a0KB<\/td>\n<\/tr>\n<tr>\n<td>18.05.2004<\/td>\n<td><strong>Hessen: Ergebnisse der Rasterfahndung.<\/strong> Kleine Anfrage des Abg. Hahn (FDP) vom 10.03.2004 betreffend Ergebnisse der Rasterfahndung und Antwort des Ministers des Innern und f\u00fcr Sport, Hessischer Landtag, Drucksache 16\/2042 v. 18.5.2004 (2 Seiten)<\/td>\n<td><a href=\"https:\/\/archiv.cilip.de\/Dokumente\/Terrorgesetze\/lt-hessen-16-02042.pdf\">PDF<\/a><\/td>\n<td>68\u00a0KB<\/td>\n<\/tr>\n<tr>\n<td>11.12.2002<\/td>\n<td><strong>Berlin: Sonderbericht des Berliner Beauftragten f\u00fcr Datenschutz und Informationsfreiheit<\/strong> \u00fcber die Durchf\u00fchrung besonderer Formen des Datenabgleichs (Rasterfahndung) durch den Polizeipr\u00e4sidenten in Berlin nach dem 11. September 2001 mit Anlagen (121 Seiten)<br \/>Herunterladbar vom Server des Datenschutzbeauftragten: <a href=\"http:\/\/www.datenschutz-berlin.de\/infomat\/sonderbericht\/rasterfahndung.pdf\">http:\/\/www.datenschutz-berlin.de\/infomat\/sonderbericht\/rasterfahndung.pdf<\/a> <em>Achtung! Die Datei ist 10 MB gro\u00df.<\/em><br \/>Presseerkl\u00e4rung zum Bericht: <a href=\"http:\/\/www.datenschutz-berlin.de\/aktuelle\/presse02\/presse11.htm\">http:\/\/www.datenschutz-berlin.de\/aktuelle\/presse02\/presse11.htm<\/a><\/td>\n<td>PDF<\/td>\n<td>10\u00a0MB<\/td>\n<\/tr>\n<tr>\n<td>08.11.2002<\/td>\n<td><strong>Hessen: Beschluss des Verwaltungsgerichts Gie\u00dfen vom 8.11.2002 zur Rasterfahndung<\/strong> &#8211; Az.: 10 G 4510\/02 (22 Seiten)<\/td>\n<td><a href=\"https:\/\/archiv.cilip.de\/Dokumente\/Terrorgesetze\/vg-giessen-081102.pdf\">PDF<\/a><\/td>\n<td>55\u00a0KB<\/td>\n<\/tr>\n<tr>\n<td>20.09.2002<\/td>\n<td><strong>Sachsen: Rasterfahndung in Sachsen I-IV.<\/strong> Kleine Anfragen des Abgeordneten Heiko Hilker, PDS-Fraktion, Drucksachen 3\/6882-3\/6885 und Antworten der S\u00e4chsischen Staatsregierung vom 20.9.2002 (7 Seiten)<\/td>\n<td><a href=\"https:\/\/archiv.cilip.de\/Dokumente\/Terrorgesetze\/sachsen-kla1-4.pdf\">PDF<\/a><\/td>\n<td>382\u00a0KB<\/td>\n<\/tr>\n<tr>\n<td>19.09.2002<\/td>\n<td><strong>Hessen: &#8222;Schluss mit dem Grundrechteabbau!&#8220;<\/strong> Presseerkl\u00e4rung des AStA der Universit\u00e4t Gie\u00dfen sowie B\u00fcrgerrechts- und Studierendenorganisationen zur Rasterfahndung in Hessen vom 19.9.2002<\/td>\n<td><a title=\"\" href=\"https:\/\/www.cilip.de\/2002\/09\/26\/schluss-mit-dem-grundrechteabbau\/\">HTML<\/a><\/td>\n<td>7\u00a0KB<\/td>\n<\/tr>\n<tr>\n<td>16.09.2002<\/td>\n<td><strong>Hessen: Verf\u00fcgung des Hessischen Landeskriminalamtes zur Daten\u00fcbermittlung<\/strong> &#8211; Polizeiliche Ma\u00dfnahmen zur Bek\u00e4mpfung des Terrorismus aus Anlass der Anschl\u00e4ge in den USA am 11. September 2001; hier: Daten\u00fcbermittlung zum Zwecke des Abgleichs mit anderen Dateien gem\u00e4\u00df \u00a7 26 Hessisches Gesetz \u00fcber die \u00f6ffentliche Sicherheit und Ordnung (HSOG), sog. Rasterfahndung &#8211;<br \/><em>Verf\u00fcgung des Hessischen Landeskriminalamtes an die Hessischen Hochschulen und andere Beh\u00f6rden bzw. Einrichtungen. Das Schreiben wurde den Hochschulen am 13. oder am 16. September 2002 zugestellt.<\/em><\/td>\n<td><a title=\"\" href=\"https:\/\/www.cilip.de\/2002\/10\/18\/verfuegung-des-hessischen-landeskriminalamtes-an-die-hessischen-hochschulen-und-andere-behoerden-bzw-einrichtungen\/\">HTML<\/a><\/td>\n<td>11\u00a0KB<\/td>\n<\/tr>\n<tr>\n<td>11.09.2002<\/td>\n<td><strong>Hessen: F\u00fcnftes Gesetz zur \u00c4nderung des Hessischen Gesetzes \u00fcber die \u00f6ffentliche Sicherheit und Ordnung,<\/strong> Gesetz- und Verordnungsblatt f\u00fcr das Land Hessen, Teil 1, Nr. 23 vom 11.9.2002, S. 546<br \/><em>(\u00c4nderung von \u00a7 26 HSOG: Rasterfahndung)<\/em><\/td>\n<td><a href=\"https:\/\/archiv.cilip.de\/Dokumente\/Terrorgesetze\/hessen-gvbl.pdf\">PDF<\/a><\/td>\n<td>30\u00a0KB<\/td>\n<\/tr>\n<tr>\n<td>31.07.2002<\/td>\n<td><strong>Nordrhein-Westfalen: Gesetzentwurf der Landesregierung zur \u00c4nderung des Polizeigesetzes und des Ordnungsbeh\u00f6rdengesetzes<\/strong>, Landtag Nordrhein-Westfalen, Drucksache 13\/2854 vom 31.7.2002 (10 Seiten)<br \/><em>(Auszug: Datei enth\u00e4lt nur die \u00c4nderung von \u00a7 31 (Rasterfahndung) sowie die Begr\u00fcndung. Die vollst\u00e4ndige Drucksache umfasst 60 Seiten.)<br \/>Der Entwurf \u00e4ndert u.a. die Voraussetzungen f\u00fcr die Rasterfahndung. Nunmehr reicht eine &#8222;Gefahr&#8220;, vorher war eine &#8222;gegenw\u00e4rtige Gefahr&#8220; Voraussetzung, die jedoch zahlreiche Gerichte als nicht gegeben ansahen. Siehe dazu weiter unten die Entscheidungen.<\/em><\/td>\n<td><a href=\"https:\/\/archiv.cilip.de\/Dokumente\/Terrorgesetze\/lt-nrw-13-2854.pdf\">PDF<\/a><\/td>\n<td>540\u00a0KB<\/td>\n<\/tr>\n<tr>\n<td>18.07.2002<\/td>\n<td><strong>Sachsen-Anhalt: Erste Beratung des Entwurfs eines Gesetzes zur Rasterfahndung bei der Bek\u00e4mpfung des internationalen Terrorismus<\/strong> (Gesetzentwurf der Fraktion der SPD &#8211; Drs. 4\/63), LT-Sachen-Anhalt, Plenarprotokoll 4\/5 vom 18.7.2002, TOP 12, S. 242-247 (6 Seiten)<\/td>\n<td><a href=\"https:\/\/archiv.cilip.de\/Dokumente\/Terrorgesetze\/lt-sa-plprot4-5.pdf\">PDF<\/a><\/td>\n<td>46\u00a0KB<\/td>\n<\/tr>\n<tr>\n<td>10.07.2002<\/td>\n<td><strong>Sachsen-Anhalt: Entwurf eines Gesetzes zur Rasterfahndung bei der Bek\u00e4mpfung des internationalen Terrorismus.<\/strong> Gesetzentwurf der Fraktion der SPD, Landtag Sachsen-Anhalt, Drucksache 4\/63 vom 10.7.2002 (4 Seiten)<br \/><em>(Gesetzentwurf zur \u00c4nderung von \u00a7 31 des Gesetzes \u00fcber die \u00f6ffentliche Sicherheit und Ordnung des Landes Sachsen-Anhalt (SOG LSA))<\/em><\/td>\n<td><a href=\"https:\/\/archiv.cilip.de\/Dokumente\/Terrorgesetze\/lt-sa-4-63.pdf\">PDF<\/a><\/td>\n<td>11\u00a0KB<\/td>\n<\/tr>\n<tr>\n<td>31.05.2002<\/td>\n<td><strong>Niedersachsen: Umfang und bisherige Ergebnisse der in Niedersachsen nach den Anschl\u00e4gen vom 11. September 2001 angelaufenen bundesweiten Rasterfahndung.<\/strong> Kleine Anfrage des Abg. Schwarzenholz (fraktionslos) vom 12.2.2002 mit Antwort der Landesregierung, Nieders\u00e4chsischer Landtag, Drucksache 14\/3429 vom 31.5.2002 (12 Seiten)<\/td>\n<td><a href=\"https:\/\/archiv.cilip.de\/Dokumente\/Terrorgesetze\/lt-nds-14-3429.pdf\">PDF<\/a><\/td>\n<td>76\u00a0KB<\/td>\n<\/tr>\n<tr>\n<td>30.05.2002<\/td>\n<td><strong>Sachsen: Einstellung aller Ma\u00dfnahmen der Rasterfahndung infolge der Ereignisse vom 11.09.2002 in Sachsen und L\u00f6schung aller hierbei erhobenen Daten.<\/strong> Antrag der PDS-Fraktion vom 10.5.2002, S\u00e4chsischer Landtag, Drucksache 3\/6454 und Stellungnahme der Staatsregierung vom 30.5.2002 (2 und 3 Seiten)<\/td>\n<td><a href=\"http:\/\/www.landtag.sachsen.de\/edas\/temp\/672708369_6454_3_Drs_1_1_10.pdf\">PDF1<\/a><br \/><a href=\"http:\/\/www.landtag.sachsen.de\/edas\/temp\/672708359_6454_3_Drs_2_1_10.pdf\">PDF2<\/a><br \/>extern<\/td>\n<td>290\u00a0KB<br \/>315\u00a0KB<\/td>\n<\/tr>\n<tr>\n<td>18.05.2002<\/td>\n<td><strong>Hessen: Stellungnahme von Rechtsanwalt Wilhelm Achelp\u00f6hler zu dem Gesetzentwurf der Fraktionen der CDU und FDP zur \u00c4nderung des Hessischen Gesetzes \u00fcber die \u00f6ffentliche Sicherheit und Ordnung (HSOG)<\/strong> &#8211; Landstags-Drucksache 15\/3755 &#8211; Rasterfahndung, (10 Seiten)<br \/><em>(siehe auch den Gesetzentwurf vom 12.3.2002 als <a href=\"https:\/\/archiv.cilip.de\/Dokumente\/Terrorgesetze\/lt-hessen-3755.pdf\">PDF-Datei<\/a>)<\/em><\/td>\n<td><a href=\"https:\/\/archiv.cilip.de\/Dokumente\/Terrorgesetze\/hsog-ach.pdf\">PDF<\/a><\/td>\n<td>77\u00a0KB<\/td>\n<\/tr>\n<tr>\n<td>17.05.2002<\/td>\n<td><strong>Hessen: Stellungnahme der StudentInnenschaft der Justus-Liebig-Universit\u00e4t Gie\u00dfen zum Gesetzentwurf zur \u00c4nderung des HSOG<\/strong> (Rasterfahndung), Landtags-Drucksache 15\/3755 vom 17.5.2002 (4 Seiten)<\/td>\n<td><a href=\"https:\/\/archiv.cilip.de\/Dokumente\/Terrorgesetze\/hsog-asta.pdf\">PDF<\/a><\/td>\n<td>80\u00a0KB<\/td>\n<\/tr>\n<tr>\n<td>17.05.2002<\/td>\n<td><strong>Hamburg: Rasterfahndung in Hamburg nach den Anschl\u00e4gen vom 11. September 2001.<\/strong> Schriftliche Kleine Anfrage der Abg. Aydan \u00d6zoguz und Michael Neumann (SPD) vom 8.5.2002 und Antwort des Senats, B\u00fcrgerschaft der Freien und Hansestadt Hamburg Drucksache 17\/814 vom 17.5.2002 (2 Seiten)<\/td>\n<td><a href=\"https:\/\/archiv.cilip.de\/Dokumente\/Terrorgesetze\/hh-17-814.pdf\">PDF<\/a><\/td>\n<td>10\u00a0KB<\/td>\n<\/tr>\n<tr>\n<td>10.05.2002<\/td>\n<td><strong>Th\u00fcringen: Rasterfahndung in Th\u00fcringen.<\/strong> Kleine Anfrage 605 vom 26.3.2002 der Abgeordneten Dr. Kaschuba und Dr. Hahnemann (PDS) und Antwort des Th\u00fcringer Innenministeriums, Th\u00fcringer Landtag, Drucksache 3\/2420 vom 10.5.2002 (3 Seiten)<\/td>\n<td><a href=\"https:\/\/archiv.cilip.de\/Dokumente\/Terrorgesetze\/lt-th-3-2420.pdf\">PDF<\/a><\/td>\n<td>11\u00a0KB<\/td>\n<\/tr>\n<tr>\n<td>06.05.2002<\/td>\n<td><strong>Bayern: Rasterfahndung in Bayern I und II.<\/strong> Schriftliche Anfragen der Abgeordneten Stahl, K\u00f6hler, Tausendfreund, M\u00fcnzel, Dr. D\u00fcrr (B\u00dcNDNIS 90\/DIE GR\u00dcNEN) vom 1.3.2002 und Antworten des Bayerischen Staatsministeriums des Innern, Bayerischer Landtag, Drucksache 14\/9221, 14\/9222 vom 6.5.2002 (5 und 3 Seiten)<\/td>\n<td><a href=\"https:\/\/archiv.cilip.de\/Dokumente\/Terrorgesetze\/bay-lt-14-09221.pdf\">PDF1<\/a><br \/><a href=\"https:\/\/archiv.cilip.de\/Dokumente\/Terrorgesetze\/bay-lt-14-09222.pdf\">PDF2<\/a><\/td>\n<td>47\u00a0KB<br \/>38\u00a0KB<\/td>\n<\/tr>\n<tr>\n<td>30.04.2002<\/td>\n<td><strong>Niedersachsen: Rasterfahndung in Niedersachsen.<\/strong> Kleine Anfrage der Abg. Frau Stokar von Neuforn (GR\u00dcNE) vom 8.2.2002 mit Antwort der Landesregierung, Nieders\u00e4chsischer Landtag, Drucksache 14\/3339 vom 30.4.2002 (8 Seiten)<\/td>\n<td><a href=\"https:\/\/archiv.cilip.de\/Dokumente\/Terrorgesetze\/lt-nds-14-3339.pdf\">PDF<\/a><\/td>\n<td>54\u00a0KB<\/td>\n<\/tr>\n<tr>\n<td>16.04.2002<\/td>\n<td><strong>Berlin: Beschluss des Kammergerichts Berlin vom 16.4.2002 zur Rasterfahndung<\/strong> &#8211; Az.: 1 W 89-98\/02 (84 T 278, 288, 289, 308, 309, 348-351\/01 und 84 T 8\/02 LG Berlin, 353 AR 199\/01 AG Tiergarten (27 Seiten)<br \/><em>Das Kammergericht hebt den Beschluss des Landgerichts vom 15.1.2001 auf und erkl\u00e4rt die Rasterfahndung aufgrund der Amtsgerichtsbeschl\u00fcsse f\u00fcr rechtm\u00e4\u00dfig. Das Landgericht habe die Anforderungen an die Wahrscheinlichkeitsprognose f\u00fcr die gegenw\u00e4rtige Gefahr &#8222;\u00fcberspannt&#8220;; es m\u00fcsse vielmehr von einer &#8222;Dauergefahr&#8220; ausgegangen werden, bei der wegen der Schwere der m\u00f6glichen Gefahr, die Anforderungen an die Prognose &#8222;eher gering&#8220; sei.<\/em><\/td>\n<td><a href=\"https:\/\/archiv.cilip.de\/Dokumente\/Terrorgesetze\/kg-berlin-160402.pdf\">PDF<\/a><\/td>\n<td>67\u00a0KB<\/td>\n<\/tr>\n<tr>\n<td>22.03.2002<\/td>\n<td><strong>Rheinland-Pfalz: Beschluss des Oberverwaltungsgerichts Rheinland-Pfalz vom 22.3.2002 zur Rasterfahndung<\/strong> &#8211; Az.: 12 B 10331\/02..OVG (1 L1106\/O1.MZ) (5 Seiten)<br \/><em>(Das OLG weist die Beschwerde des Studenten gegen den Beschluss des VG Mainz vom 1.2.2002 (s.u.) zur\u00fcck und best\u00e4tigt ihn.<\/em><\/td>\n<td><a href=\"https:\/\/archiv.cilip.de\/Dokumente\/Terrorgesetze\/ovg-rlp-220302.pdf\">PDF<\/a><\/td>\n<td>13\u00a0KB<\/td>\n<\/tr>\n<tr>\n<td>18.03.2002<\/td>\n<td><strong>Rasterfahndung &#8211; M\u00f6glichkeiten des Umgangs mit der polizeilichen Rasterfahndung in den L\u00e4ndern.<\/strong> Anti-Rasterfahndungsreader des ReferentInnenrates der Humboldt-Universit\u00e4t zu Berlin<br \/>Adresse: <a href=\"http:\/\/www.refrat.de\/raster\/rasterfahndung_reader.pdf\">http:\/\/www.refrat.de\/raster\/rasterfahndung_reader.pdf<\/a><\/td>\n<td><a href=\"http:\/\/www.refrat.de\/raster\/rasterfahndung_reader.pdf\">PDF<\/a><br \/>extern<\/td>\n<td>526\u00a0KB<\/td>\n<\/tr>\n<tr>\n<td>14.03.2002<\/td>\n<td><strong>Brandenburg: Rasterfahndung in Brandenburg.<\/strong> Kleine Anfrage Nr. 1472 der Abg. Kerstin Kaiser-Nicht (PDS) vom 7.2.2002 und Antwort der Landesregierung, Landtag Brandenburg, Drucksache 3\/4023 vom 14.3.2002 (4 Seiten)<\/td>\n<td><a href=\"https:\/\/archiv.cilip.de\/Dokumente\/Terrorgesetze\/lt-brb-3-4023.pdf\">PDF<\/a><\/td>\n<td>12\u00a0KB<\/td>\n<\/tr>\n<tr>\n<td>12.03.2002<\/td>\n<td><strong>Hessen: Gesetzentwurf der Fraktionen CDU und FDP im Hessischen Landtag zur \u00c4nderung des Hessischen Gesetzes \u00fcber die \u00f6ffentliche Sicherheit und Ordnung<\/strong>, Landtags-Drucksache 15\/3755 vom 12.3.2002 (4 Seiten)<br \/><em>(\u00c4nderung des \u00a7 26 HSOG (Rasterfahndung); die Voraussetzungen f\u00fcr die Rasterfahndung werden erleichtert, in dem nicht mehr an eine &#8222;gegenw\u00e4rtige Gefahr&#8220; angekn\u00fcpft wird, sondern lediglich die &#8222;Verh\u00fctung von Straftaten erheblicher Bedeutung&#8220; als Zweck genannt wird. Zudem darf die Polizei die Rasterfahndung mit Zustimmung des Polizeipr\u00e4sidiums nun selbst anordnen, vorher musste ein Gericht &#8211; au\u00dfer bei Gefahr im Verzug &#8211; die Anordnung treffen. Das Gesetz ist in der dritten Beratung am 29.8.2002 beschlossen worden.)<\/em><\/td>\n<td><a href=\"https:\/\/archiv.cilip.de\/Dokumente\/Terrorgesetze\/lt-hessen-3755.pdf\">PDF<\/a><\/td>\n<td>148\u00a0KB<\/td>\n<\/tr>\n<tr>\n<td>07.03.2002<\/td>\n<td><strong>Brandenburg: Rasterfahndung in Brandenburg.<\/strong> Kleine Anfrage Nr. 1450 des Abg. Michael Claus (DVU) vom 5.2.2002 und Antwort der Landesregierung, Landtag Brandenburg, Drucksache 3\/3980 vom 14.3.2002 (3 Seiten)<\/td>\n<td><a href=\"https:\/\/archiv.cilip.de\/Dokumente\/Terrorgesetze\/lt-brb-3-3980.pdf\">PDF<\/a><\/td>\n<td>8\u00a0KB<\/td>\n<\/tr>\n<tr>\n<td>05.03.2002<\/td>\n<td><strong>Hamburg: Rasterfahndung in Hamburg.<\/strong> Gro\u00dfe Anfrage der Abg. Manfred Mahr, Christian Maa\u00df, Christa Goetsch, Antje M\u00f6ller, Dr. Willfried Maier (GAL) und Fraktion vom 6.2.2002 und Antwort des Senats, B\u00fcrgerschaft der Freien und Hansestadt Hamburg, Drucksache 17\/324 vom 5.3.2002 (4 Seiten)<\/td>\n<td><a href=\"https:\/\/archiv.cilip.de\/Dokumente\/Terrorgesetze\/hh-17-324.pdf\">PDF<\/a><\/td>\n<td>31\u00a0KB<\/td>\n<\/tr>\n<tr>\n<td>04.03.2002<\/td>\n<td><strong>Schleswig-Holstein: Rasterfahndung in Schleswig-Holstein.<\/strong> Kleine Anfrage des Abg. G\u00fcnther Hildebrand (FDP) und Antwort der Landesregierung &#8211; Innenminister, Landtag Schleswig-Holstein, Drucksache 15\/1682 vom 4.3.2002 (2 Seiten)<\/td>\n<td><a href=\"https:\/\/archiv.cilip.de\/Dokumente\/Terrorgesetze\/lt-sh-15-1682.pdf\">PDF<\/a><\/td>\n<td>12\u00a0KB<\/td>\n<\/tr>\n<tr>\n<td>27.02.2002<\/td>\n<td><strong>Hamburg: Beschluss des Verwaltungsgerichts Hamburg vom 27.2.2002 zur Rasterfahndung<\/strong> Az.: 14 VG 446\/02<br \/><em>(Das Gericht weist den Antrag eines iranischen Studenten auf eine einstweilige Anordnung zur Sperrung seiner Rasterfahndungsdaten zur\u00fcck. Die Rasterfahndung sei aufgrund einer &#8222;unmittelbar bevorstehenden&#8220; Gefahr gerechtfertigt gewesen.<\/em><\/td>\n<td><a title=\"\" href=\"https:\/\/www.cilip.de\/2002\/02\/27\/beschluss-des-verwaltungsgerichts-hamburg-vom-27-februar-2002-14-vg-446-02\/\">HTML<\/a><\/td>\n<td>15\u00a0KB<\/td>\n<\/tr>\n<tr>\n<td>21.02.2002<\/td>\n<td><strong>Hessen: Beschluss des Oberlandesgerichts Frankfurt am Main vom 21.2.2002 zur Rasterfahndung<\/strong> &#8211; Az.: 20 W 55\/02 (4 T 707\/01 LG Wiesbaden, 71 Gs-531\/01 AG Wiesbaden) (8 Seiten)<br \/><em>(Das OLG weist die Beschwerde des Hessischen LKA gegen den Beschluss des LG Wiesbaden vom 6.2.2002 (s.u.) zur\u00fcck und best\u00e4tigt den Beschluss. Gleichzeitig kritisiert das OLG die Entscheidungen des OLG D\u00fcsseldorf (s.u.) und des VG Mainz (s.u.), die beide eine &#8222;gegenw\u00e4rtige Gefahr&#8220; bejaht hatten.)<\/em><\/td>\n<td><a href=\"https:\/\/archiv.cilip.de\/Dokumente\/Terrorgesetze\/olgffm-210202.pdf\">PDF<\/a><\/td>\n<td>20\u00a0KB<\/td>\n<\/tr>\n<tr>\n<td>18.02.2002<\/td>\n<td><strong>Bund: &#8222;Umfang und bisherige Ergebnisse der nach den Anschl\u00e4gen vom 11. September 2001 angelaufenen bundesweiten Rasterfahndung (Nachfrage)&#8220;<\/strong>, Kleine Anfrage der PDS im Bundestag und Antwort der Bundesregierung, Bundestags-Drucksache 14\/8257 vom 18.2.2002 (8 Seiten)<\/td>\n<td><a href=\"https:\/\/archiv.cilip.de\/Dokumente\/Terrorgesetze\/bt-drs-1408257.pdf\">PDF<\/a><\/td>\n<td>78\u00a0KB<\/td>\n<\/tr>\n<tr>\n<td>15.02.2002<\/td>\n<td><strong>Rasterfahndung bundesweit einstellen &#8211; Betroffene informieren &#8211; B\u00fcrgerInnenrechte sch\u00fctzen!<\/strong> Gemeinsame Presseerkl\u00e4rung von 23 B\u00fcrgerrechtsorganisationen zu den Gerichtsbeschl\u00fcssen zur Rasterfahndung<\/td>\n<td><a title=\"\" href=\"https:\/\/www.cilip.de\/2002\/02\/15\/rasterfahndung-bundesweit-einstellen-betroffene-informieren-buergerinnenrechte-schuetzen\/\">HTML<\/a><\/td>\n<td>5\u00a0KB<\/td>\n<\/tr>\n<tr>\n<td>08.02.2002<\/td>\n<td><strong>Nordrhein-Westfalen: Beschl\u00fcsse des Oberlandesgerichts D\u00fcsseldorf vom 8.2.2002 zur Rasterfahndung<\/strong> &#8211; Az.: 3 Wx 351\/01 (25 T 841\/01 LG D\u00fcsseldorf, 151 II 1\/01 AG D\u00fcsseldorf); Az.: 3 Wx 357\/01 (25 T 865\/01 LG D\u00fcsseldorf, 151 II 1\/01 AG D\u00fcsseldorf) (8 und 10 Seiten)<br \/><em>(In diesen beiden Beschl\u00fcssen entscheidet das OLG, dass die Rasterfahndung gegen deutsche Staatsangeh\u00f6rige nach dem nordrhein-westf\u00e4lischen Polizeigesetz unverh\u00e4ltnism\u00e4\u00dfig und damit rechtswidrig war. Die Beschwerde eines jordanischen Staatsangeh\u00f6rigen weist das Gericht jedoch zur\u00fcck. Das Vorliegen einer &#8222;gegenw\u00e4rtigen Gefahr&#8220; bejaht das OLG in beiden F\u00e4llen, anders als die Gerichte in Wiesbaden und Berlin.)<\/em><\/td>\n<td><a href=\"https:\/\/archiv.cilip.de\/Dokumente\/Terrorgesetze\/olg1.pdf\">PDF<\/a><br \/><a href=\"https:\/\/archiv.cilip.de\/Dokumente\/Terrorgesetze\/olg2.pdf\">PDF<\/a><\/td>\n<td>37\u00a0KB<br \/>31\u00a0KB<\/td>\n<\/tr>\n<tr>\n<td>06.02.2002<\/td>\n<td><strong>Hessen: Beschluss des Landgerichts Wiesbaden vom 6.2.2002 zur Rasterfahndung<\/strong> &#8211; Az.: 4 T 707\/01 (Amtsgericht Wiesbaden 71 G3 531\/01) (6 Seiten)<br \/><em>(Das Gericht gibt den Beschwerden von Studenten statt und verneint ebenso wie das LG Berlin das Vorliegen einer gegenw\u00e4rtigen Gefahr. Das LG Wiesbaden hebt damit den Beschluss des AG Wiesbaden auf, mit dem die Rasterfahndnung angeordnet worden war, und weist den Antrag des Hessischen LKA zur\u00fcck.)<\/em><\/td>\n<td><a href=\"https:\/\/archiv.cilip.de\/Dokumente\/Terrorgesetze\/lg-wiesbaden-060202.pdf\">PDF<\/a><\/td>\n<td>14\u00a0KB<\/td>\n<\/tr>\n<tr>\n<td>01.02.2002<\/td>\n<td><strong>Rheinland-Pfalz: Beschluss des Verwaltungsgerichts Mainz vom 1.2.2002 zur Rasterfahndung<\/strong> Az.: 1 L 1106101.MZ (16 Seiten)<br \/><em>(Das VG Mainz weist die Klage eines marrokanischen Studenten gegen die Speicherung und Verarbeitung von Daten, die dem LKA im Rahmen der Rasterfahndung \u00fcbermittelt wurden, zur\u00fcck. Es bejaht das Vorliegen einer &#8222;gegenw\u00e4rtigen erheblichen Gefahr&#8220;.)<\/em><\/td>\n<td><a href=\"https:\/\/archiv.cilip.de\/Dokumente\/Terrorgesetze\/vg-mainz-010202.pdf\">PDF<\/a><\/td>\n<td>48\u00a0KB<\/td>\n<\/tr>\n<tr>\n<td>23.01.2002<\/td>\n<td><strong>Berlin: Rasterfahndung in Berlin unzul\u00e4ssig,<\/strong> Pressemitteilung der Deutschen Vereinigung f\u00fcr Datenschutz e.V. vom 23.1.2002<\/td>\n<td><a title=\"\" href=\"https:\/\/www.cilip.de\/2002\/01\/23\/rasterfahndung-in-berlin-unzulaessig\/\">HTML<\/a><\/td>\n<td>4\u00a0KB<\/td>\n<\/tr>\n<tr>\n<td>15.01.2002<\/td>\n<td><strong>Berlin: Beschluss des Landgerichts Berlin vom 15.1.2002 zu den Beschwerden gegen die Rasterfahndung<\/strong> gegen ausl\u00e4ndische Studenten an Berliner Hochschulen &#8211; Landgericht Berlin, Gesch\u00e4ftsnummer: 84 T 278, 288, 289, 308, 309, 348-351\/01, 84 T 8\/02 (Amtsgericht Tiergarten 353 AR 199\/01) (7 Seiten)<br \/><em>(Das Gericht gibt den Beschwerden der Studenten statt und erkl\u00e4rt die Rasterfahndung nach dem Berliner ASOG f\u00fcr rechtswidrig.)<\/em><\/td>\n<td><a href=\"https:\/\/archiv.cilip.de\/Dokumente\/Terrorgesetze\/lg-berlin-150102.pdf\">PDF<\/a><\/td>\n<td>24\u00a0KB<\/td>\n<\/tr>\n<tr>\n<td>23.11.2001<\/td>\n<td><strong>Th\u00fcringen: Rasterfahndung in Th\u00fcringen.<\/strong> Kleine Anfrage 479 vom 17.10.2001 des Abgeordneten Dr. Hahnemann (PDS) und Antwort des Th\u00fcringer Innenministeriums, Th\u00fcringer Landtag, Drucksache 3\/1980 vom 23.11.2001 (5 Seiten)<\/td>\n<td><a href=\"https:\/\/archiv.cilip.de\/Dokumente\/Terrorgesetze\/lt-th-3-1980.pdf\">PDF<\/a><\/td>\n<td>15\u00a0KB<\/td>\n<\/tr>\n<tr>\n<td>13.11.2001<\/td>\n<td><strong>Sachsen: Rasterfahndung in Sachsen.<\/strong> Kleine Anfrage des Abg. Heiko Hilker (PDS) vom 17.10.2001 und Antwort der Staatsregierung vom 13.11.2001, S\u00e4chsischer Landtag, Drucksache 3\/5074 (2 Seiten)<\/td>\n<td><a href=\"http:\/\/www.landtag.sachsen.de\/edas\/temp\/672708387_5074_3_Drs_2_1_10.pdf\">PDF<\/a><br \/>extern<\/td>\n<td>238\u00a0KB<\/td>\n<\/tr>\n<tr>\n<td>31.10.2001<\/td>\n<td><strong>Bund: Umfang und bisherige Ergebnisse der nach den Anschl\u00e4gen vom 11. September 2001 angelaufenen bundesweiten Rasterfahndung.<\/strong> Kleine Anfrage der PDS im Bundestag und Antwort der Bundesregierung, Bundestags-Drucksache 14\/7249 vom 31.10.2001 (8 Seiten)<\/td>\n<td><a href=\"https:\/\/archiv.cilip.de\/Dokumente\/Terrorgesetze\/bt-drs-1407249.pdf\">PDF<\/a><\/td>\n<td>92\u00a0KB<\/td>\n<\/tr>\n<tr>\n<td>24.10.2001<\/td>\n<td><strong>Berlin: Beschluss des Amtsgerichts Berlin-Tiergarten<\/strong> vom 24.10.2001 zur Anordnung der Rasterfahndung &#8211; Gesch\u00e4ftszeichen: 353 AR 199\/01<\/td>\n<td><a title=\"\" href=\"https:\/\/www.cilip.de\/2001\/10\/24\/beschluss-des-amtsgerichts-berlin-tiergarten-vom-24-oktober-2001-geschaeftszeichen-353-ar-199-01\/\">HTML<\/a><\/td>\n<td>11\u00a0KB<\/td>\n<\/tr>\n<tr>\n<td>22.10.2001<\/td>\n<td><strong>Bund: Rasterfahndung gegen Studierende.<\/strong> Kleine Anfrage der PDS im Bundestag und Antwort der Bundesregierung, Bundestags-Drucksache 14\/7206 vom 22.10.2001 (4 Seiten)<\/td>\n<td><a href=\"https:\/\/archiv.cilip.de\/Dokumente\/Terrorgesetze\/bt-drs-1407206.pdf\">PDF<\/a><\/td>\n<td>76\u00a0KB<\/td>\n<\/tr>\n<tr>\n<td>04.10.2001<\/td>\n<td><strong>Baden-W\u00fcrttemberg: Terrorismusbek\u00e4mpfung in Baden-W\u00fcrttemberg; Rasterfahndung und Datenschutz.<\/strong> Antrag der Fraktion GR\u00dcNE und Stellungnahme des Innenministeriums, Landtag von Baden-W\u00fcrttemberg, Drucksache 13\/279 vom 4.10.2001 (5 Seiten)<\/td>\n<td><a href=\"https:\/\/archiv.cilip.de\/Dokumente\/Terrorgesetze\/lt-bw-13-0279.pdf\">PDF<\/a><\/td>\n<td>20\u00a0KB<\/td>\n<\/tr>\n<\/tbody>\n<\/table>\n<\/figure>\n","protected":false},"excerpt":{"rendered":"<p>Datum Titel Datei Gr\u00f6\u00dfe 04.04.2006 Bundesverfassungsgericht: Zur Verfassungsm\u00e4\u00dfigkeit der pr\u00e4ventivpolizeilichen Rasterfahndung Beschluss v. 4.4.2006 &#8211;<\/p>\n","protected":false},"author":2,"featured_media":0,"parent":201,"menu_order":0,"comment_status":"closed","ping_status":"closed","template":"page-templates\/full-width.php","meta":{"footnotes":""},"class_list":["post-23302","page","type-page","status-publish","hentry"],"_links":{"self":[{"href":"https:\/\/wp-dev.daten.cool\/index.php?rest_route=\/wp\/v2\/pages\/23302","targetHints":{"allow":["GET"]}}],"collection":[{"href":"https:\/\/wp-dev.daten.cool\/index.php?rest_route=\/wp\/v2\/pages"}],"about":[{"href":"https:\/\/wp-dev.daten.cool\/index.php?rest_route=\/wp\/v2\/types\/page"}],"author":[{"embeddable":true,"href":"https:\/\/wp-dev.daten.cool\/index.php?rest_route=\/wp\/v2\/users\/2"}],"replies":[{"embeddable":true,"href":"https:\/\/wp-dev.daten.cool\/index.php?rest_route=%2Fwp%2Fv2%2Fcomments&post=23302"}],"version-history":[{"count":0,"href":"https:\/\/wp-dev.daten.cool\/index.php?rest_route=\/wp\/v2\/pages\/23302\/revisions"}],"up":[{"embeddable":true,"href":"https:\/\/wp-dev.daten.cool\/index.php?rest_route=\/wp\/v2\/pages\/201"}],"wp:attachment":[{"href":"https:\/\/wp-dev.daten.cool\/index.php?rest_route=%2Fwp%2Fv2%2Fmedia&parent=23302"}],"curies":[{"name":"wp","href":"https:\/\/api.w.org\/{rel}","templated":true}]}}