{"id":23534,"date":"2024-08-01T16:13:47","date_gmt":"2024-08-01T14:13:47","guid":{"rendered":"https:\/\/www.cilip.de\/?page_id=23534"},"modified":"2024-08-01T16:13:47","modified_gmt":"2024-08-01T14:13:47","slug":"polizeiproblem-8-2024","status":"publish","type":"page","link":"https:\/\/wp-dev.daten.cool\/?page_id=23534","title":{"rendered":"Polizeiproblem 8\/2024"},"content":{"rendered":"<p><strong>Ermittlungen gegen Polizist*innen:<\/strong><\/p>\n<p>1. August: Ein Auszubildender der Polizeifachschule Schneeberg soll sich nach einer Exkursion auf einen j\u00fcdischen Friedhof antisemitisch ge\u00e4u\u00dfert haben, die Leitung der Hochschule hat deshalb straf- und beamtenrechtliche Schritte gegen den Mann eingeleitet. Dem Polizeianw\u00e4rter sei die F\u00fchrung der Dienstgesch\u00e4fte untersagt und der Fall an die Staatsanwaltschaft weitergeleitet worden, <a href=\"https:\/\/www.medienservice.sachsen.de\/medien\/news\/1078166\">sagte ein Sprecher<\/a>. An derselben Polizeifachschule waren in der Vergangenheit mehrfach Auszubildende auff\u00e4llig geworden.<\/p>\n<p><strong>Polizeisch\u00fcsse:<\/strong><\/p>\n<p>1. August: Einsatzkr\u00e4fte der Polizei haben in Berlin-Charlottenburg auf eine mit einem Messer bewaffnete Frau <a href=\"https:\/\/www.rbb24.de\/panorama\/beitrag\/2024\/08\/berlin-charlottenburg-polizei-schiesst-auf-person-verletzt.html\">geschossen und sie verletzt<\/a>. Die Frau habe Passanten bedroht, sagte ein Polizeisprecher. Zuvor hie\u00df es, sie &#8222;verhaltensauff\u00e4llig&#8220; gewesen, ohne dies genauer zu pr\u00e4zisieren. Die Beamten h\u00e4tten daraufhin mehrere Sch\u00fcsse auf die Frau abgegeben, die davon nicht lebensgef\u00e4hrlich verletzt worden sein soll.<\/p>\n","protected":false},"excerpt":{"rendered":"<p>Ermittlungen gegen Polizist*innen: 1. August: Ein Auszubildender der Polizeifachschule Schneeberg soll sich nach einer Exkursion<\/p>\n","protected":false},"author":3,"featured_media":0,"parent":20551,"menu_order":8,"comment_status":"closed","ping_status":"closed","template":"","meta":{"footnotes":""},"class_list":["post-23534","page","type-page","status-publish","hentry"],"_links":{"self":[{"href":"https:\/\/wp-dev.daten.cool\/index.php?rest_route=\/wp\/v2\/pages\/23534","targetHints":{"allow":["GET"]}}],"collection":[{"href":"https:\/\/wp-dev.daten.cool\/index.php?rest_route=\/wp\/v2\/pages"}],"about":[{"href":"https:\/\/wp-dev.daten.cool\/index.php?rest_route=\/wp\/v2\/types\/page"}],"author":[{"embeddable":true,"href":"https:\/\/wp-dev.daten.cool\/index.php?rest_route=\/wp\/v2\/users\/3"}],"replies":[{"embeddable":true,"href":"https:\/\/wp-dev.daten.cool\/index.php?rest_route=%2Fwp%2Fv2%2Fcomments&post=23534"}],"version-history":[{"count":0,"href":"https:\/\/wp-dev.daten.cool\/index.php?rest_route=\/wp\/v2\/pages\/23534\/revisions"}],"up":[{"embeddable":true,"href":"https:\/\/wp-dev.daten.cool\/index.php?rest_route=\/wp\/v2\/pages\/20551"}],"wp:attachment":[{"href":"https:\/\/wp-dev.daten.cool\/index.php?rest_route=%2Fwp%2Fv2%2Fmedia&parent=23534"}],"curies":[{"name":"wp","href":"https:\/\/api.w.org\/{rel}","templated":true}]}}