{"id":3252,"date":"2015-02-23T21:56:03","date_gmt":"2015-02-23T21:56:03","guid":{"rendered":"http:\/\/www.cilip.de\/?page_id=3252"},"modified":"2015-02-23T21:56:03","modified_gmt":"2015-02-23T21:56:03","slug":"38-1991","status":"publish","type":"page","link":"https:\/\/wp-dev.daten.cool\/?page_id=3252","title":{"rendered":"38 (1\/1991) Polizeilicher Neubeginn in den L\u00e4ndern der ehemaligen DDR"},"content":{"rendered":"<p><img loading=\"lazy\" decoding=\"async\" class=\"alignright size-medium wp-image-22571\" src=\"https:\/\/www.cilip.de\/wp-content\/uploads\/2024\/05\/CILIP_038-211x300.png\" alt=\"\" width=\"211\" height=\"300\" srcset=\"https:\/\/wp-dev.daten.cool\/wp-content\/uploads\/2024\/05\/CILIP_038-211x300.png 211w, https:\/\/wp-dev.daten.cool\/wp-content\/uploads\/2024\/05\/CILIP_038.png 583w\" sizes=\"auto, (max-width: 211px) 100vw, 211px\" \/><a href=\"http:\/\/archiv.cilip.de\/Hefte\/CILIP_038.pdf\">Download der Gesamtausgabe als PDF<\/a><\/p>\n<p><strong><a href=\"https:\/\/www.cilip.de\/1991\/02\/02\/redaktionelle-vorbemerkung-27\/\">Redaktionelle Vorbemerkung<\/a> <\/strong><br \/>\nOtto Diederichs<\/p>\n<p><a href=\"\/1991\/02\/26\/vereinigte-deutsche-sicherheit-oder-die-mehrfach-verkuerzte-verfassungsdebatte\/\"><strong>Vereinigte deutsche Sicherheit <\/strong><\/a><br \/>\nWolf-Dieter Narr<br \/>\n<a href=\"\/1991\/02\/26\/nach-art-des-musterentwurfs-das-polizeiaufgabengesetz-der-ddr\/\"><strong>Das Polizeiaufgabengesetz der DDR<\/strong><\/a><br \/>\nHeiner Busch<br \/>\n<a href=\"\/1991\/02\/26\/stand-des-polizeiaufbaus-in-den-neuen-bundeslaendern-eine-uebersicht\/\"><strong>Stand des Polizeiaufbaus in den neuen L\u00e4ndern <\/strong><\/a><br \/>\nOtto Diederichs<br \/>\n<a href=\"\/1991\/02\/26\/frageboegen-und-personalkommissionen-die-entstasifizierung-der-vopo\/\"><strong>Frageb\u00f6gen und Personalkommissionen <\/strong><\/a><br \/>\nOtto Diederichs<br \/>\n<a href=\"\/1991\/02\/26\/gewerkschaftliche-probleme-chancen-infolge-des-neuaufbaus-der-polizei-in-den-frueheren-laendern-der-ddr\/\"><strong>Gewerkschaftliche Probleme\/Chancen infolge des Neuaufbaus der Polizei in den neuen L\u00e4ndern <\/strong><\/a><br \/>\nHermann Lutz<br \/>\n<a href=\"\/1991\/02\/26\/ein-gruener-polizeipraesident-in-brandenburg\/\"><strong>Ein gr\u00fcner Polizeipr\u00e4sident in Brandenburg? <\/strong><\/a><br \/>\nOtto Diederichs<br \/>\n<a href=\"\/1991\/02\/26\/das-gemeinsame-landeskriminalamt-der-fuenf-neuen-laender-nachruf-zu-lebzeiten\/\"><strong>Das Gemeinsame Landeskriminalamt der f\u00fcnf neuen L\u00e4nder <\/strong><\/a><br \/>\nBernhard Gill<br \/>\n<a href=\"\/1991\/02\/26\/bundesgrenzschutz-im-aufwind-die-okkupation-neuer-aufgaben\/\"><strong>Bundesgrenzschutz im Aufwind<\/strong><\/a><br \/>\nFalco Werkentin<br \/>\n<a href=\"\/1991\/02\/26\/das-spezial-einsatzkommando-brandenburg-von-der-anti-terror-einheit-der-vopo-zum-sek\/\"><strong>Das Spezialeinsatzkommando Brandenburg <\/strong><\/a><br \/>\nWolfgang Gast<br \/>\n<a href=\"\/1991\/02\/26\/datenchaos-aus-dem-wilden-osten-zur-ueberfuehrung-der-vopo-datensammlungen-in-die-geordnete-inpol-welt\/\"><strong>Datenchaos im &#8222;Wilden Osten&#8220;<\/strong><\/a><br \/>\nLena Schraut<br \/>\n<a href=\"\/1991\/02\/26\/das-polizeiliche-meldewesen-in-der-ddr-struktur-datenbestaende-informationsbeziehungen\/\"><strong>Das polizeiliche Meldewesen in der DDR <\/strong><\/a><br \/>\nKirsten Paritong-Waldheim u.a.<br \/>\n<a href=\"\/1991\/02\/26\/staatsschutz-plaedoyer-fuer-die-aufloesung-der-staatsschutzabteilungen-bei-polizei-und-staatsanwaltschaft\/\"><strong>Staatsschutz &#8211; Pl\u00e4doyer f\u00fcr die Aufl\u00f6sung <\/strong><\/a><br \/>\nThilo Weichert<br \/>\n<a href=\"\/1991\/02\/26\/toedlicher-schusswaffeneinsatz-1990\/\"><strong>T\u00f6dlicher Schu\u00dfwaffeneinsatz 1990<\/strong><\/a><br \/>\n<a href=\"\/1991\/02\/26\/geheimdienstgesetze-niederlage-fuer-die-buergerrechte-und-spott-auf-den-datenschutz\/\"><strong>Geheimdienstgesetze <\/strong><\/a><br \/>\nHeiner Busch<br \/>\n<strong>Bundesverfassungsschutzgesetz BVerfSchG (Dokumentation) <\/strong><\/p>\n<p><a href=\"\/1991\/02\/26\/chronologie-30\/\"><strong>Chronologie <\/strong><\/a><br \/>\nKea Tielemann<br \/>\n<a href=\"\/1991\/02\/26\/literatur-rezensionen-und-hinweise-15\/\"><strong>Literatur <\/strong><\/a><br \/>\n<a href=\"\/1991\/02\/26\/summaries-67\/\"><strong>Summaries<\/strong><\/a><\/p>\n","protected":false},"excerpt":{"rendered":"<p>Download der Gesamtausgabe als PDF Redaktionelle Vorbemerkung Otto Diederichs Vereinigte deutsche Sicherheit Wolf-Dieter Narr Das<\/p>\n","protected":false},"author":2,"featured_media":0,"parent":3271,"menu_order":0,"comment_status":"closed","ping_status":"open","template":"page-templates\/full-width.php","meta":{"footnotes":""},"class_list":["post-3252","page","type-page","status-publish","hentry"],"_links":{"self":[{"href":"https:\/\/wp-dev.daten.cool\/index.php?rest_route=\/wp\/v2\/pages\/3252","targetHints":{"allow":["GET"]}}],"collection":[{"href":"https:\/\/wp-dev.daten.cool\/index.php?rest_route=\/wp\/v2\/pages"}],"about":[{"href":"https:\/\/wp-dev.daten.cool\/index.php?rest_route=\/wp\/v2\/types\/page"}],"author":[{"embeddable":true,"href":"https:\/\/wp-dev.daten.cool\/index.php?rest_route=\/wp\/v2\/users\/2"}],"replies":[{"embeddable":true,"href":"https:\/\/wp-dev.daten.cool\/index.php?rest_route=%2Fwp%2Fv2%2Fcomments&post=3252"}],"version-history":[{"count":0,"href":"https:\/\/wp-dev.daten.cool\/index.php?rest_route=\/wp\/v2\/pages\/3252\/revisions"}],"up":[{"embeddable":true,"href":"https:\/\/wp-dev.daten.cool\/index.php?rest_route=\/wp\/v2\/pages\/3271"}],"wp:attachment":[{"href":"https:\/\/wp-dev.daten.cool\/index.php?rest_route=%2Fwp%2Fv2%2Fmedia&parent=3252"}],"curies":[{"name":"wp","href":"https:\/\/api.w.org\/{rel}","templated":true}]}}