{"id":3332,"date":"2015-02-23T22:58:47","date_gmt":"2015-02-23T22:58:47","guid":{"rendered":"http:\/\/www.cilip.de\/?page_id=3332"},"modified":"2015-02-23T22:58:47","modified_gmt":"2015-02-23T22:58:47","slug":"34-1989","status":"publish","type":"page","link":"https:\/\/wp-dev.daten.cool\/?page_id=3332","title":{"rendered":"34 (3\/1989)"},"content":{"rendered":"<p><img loading=\"lazy\" decoding=\"async\" class=\"alignright size-medium wp-image-22567\" src=\"https:\/\/www.cilip.de\/wp-content\/uploads\/2024\/05\/CILIP_034-211x300.png\" alt=\"\" width=\"211\" height=\"300\" srcset=\"https:\/\/wp-dev.daten.cool\/wp-content\/uploads\/2024\/05\/CILIP_034-211x300.png 211w, https:\/\/wp-dev.daten.cool\/wp-content\/uploads\/2024\/05\/CILIP_034.png 583w\" sizes=\"auto, (max-width: 211px) 100vw, 211px\" \/><a href=\"http:\/\/archiv.cilip.de\/Hefte\/CILIP_034.pdf\">Download der Gesamtausgabe als PDF<\/a><\/p>\n<p><a href=\"https:\/\/www.cilip.de\/1989\/06\/02\/editorial-21\/\"><strong>Editorial: Stasi in den Tagebau! Aber wohin mit dem &#8222;Verfassungschutz&#8220;?<\/strong><\/a><\/p>\n<p><a href=\"\/1989\/12\/15\/vereint-gegen-buergerprotest-staatssicherheit-volkspolizei-und-sed-fuehrung\/\"><strong>DDR: Vereint gegen B\u00fcrgerprotest &#8211; Staatssicherheit, Volkspolizel und SED-F\u00fchrung <\/strong><\/a><br \/>\n<a href=\"\/1989\/12\/15\/schmuecker-strafverfahren-und-kein-ende\/\"><strong>Schm\u00fcckerverfahren &#8211; und kein Ende <\/strong><\/a><br \/>\n<a href=\"\/1989\/12\/15\/der-mordfall-schmuecker\/\"><strong> Der Mordfall Schm\u00fccker<\/strong><\/a><br \/>\n<a href=\"\/1989\/12\/15\/das-lockspitzelsystem-vom-celler-loch-bis-zur-methode-mauss-der-abschlussbericht-des-11-parlamentarischen-untersuchungsausschusses-des-niedersaechsischen-parlaments\/\"><strong>Das Lockspitzelsystem: Vom &#8222;Celler Loch&#8220; bis zur Methode Maus &#8211; Ergebnisse des 11. PUA in Niedersachsen<\/strong><\/a><br \/>\n<a href=\"\/1989\/12\/15\/auslaendergesetz-2-referentenentwurf-wenig-integration-viel-abschottung\/\"> <strong>Der 2. Referentenentwurf eines Ausl\u00e4ndergesetzes: Wenig Integration &#8211; viel Abschottung <\/strong><\/a><br \/>\n<a href=\"\/1989\/12\/15\/die-neueste-fassung-der-entwurf-eines-auslaenderzentralregister-gesetzes\/\"><strong>Der 2. Entwurf eines Ausl\u00e4nderzentralregister-Gesetzes <\/strong><\/a><br \/>\n<a href=\"\/1989\/11\/15\/der-regierungsentwurf-eines-strafverfahrensaenderungsgesetzes-1989-eine-strafprozessordnung-nach-polizeilichem-geschmack\/\"><strong>Regierungs-Entwurf des Strafverfahrens\u00e4nderungs-Gesetzes 1989 <\/strong><\/a><br \/>\n<a href=\"\/1989\/12\/15\/das-katastrophenschutzergaenzungsgesetz-die-vervollkommnung-der-notstandsgesetze\/\"> <strong>Das Katastrophenschutzerg\u00e4nzungs-Gesetz &#8211; eine Erg\u00e4nzung der Notstands-Gesetze <\/strong><\/a><br \/>\n<strong>Daeinst: Europa ohne Binnengrenzen <\/strong><br \/>\n<a href=\"\/1989\/12\/15\/drogenkrieg-in-hannover-eine-inszenierung-fuer-dritte-ziele\/\"><strong>&#8222;Drogenkrieg&#8220; in Hannover <\/strong><\/a><br \/>\n<a href=\"\/1989\/12\/15\/demonstrationsstatistik-die-legende-vom-anwachsen-gewalttaetiger-demonstrationen\/\"><strong>Die Legende vom Anwachsen gewaltt\u00e4tiger Demonstrationen <\/strong><\/a><br \/>\n<a href=\"\/1989\/12\/15\/alles-aufgeklaert-erhebliche-zweifel-am-staatsanwaltschaftlichen-ermittlungsergebnis-aus-anlass-toedlicher-polizeischuesse-auf-einen-13jaehrigen-schueler-in-essen\/\"><strong>Alles aufgekl\u00e4rt? Erhebliche Zweifel am staatsanwaltl. Ermittlungsergebnis aus Anla\u00df t\u00f6dlicher Polizeisch\u00fcsse auf einen 13j\u00e4hrg. Sch\u00fcler in Essen <\/strong><\/a><\/p>\n<p><a href=\"\/1989\/12\/15\/literatur-17\/\"><strong>Literatur<\/strong><\/a><br \/>\n<strong>Polizeiforschung in England und Frankreich <\/strong><br \/>\n<a href=\"\/1989\/12\/15\/chronologie-35\/\"> <strong>Chronologie<\/strong><\/a><br \/>\n<a href=\"\/1989\/12\/15\/summary-3\/\"><strong>Summary<\/strong><\/a><br \/>\n<strong>Sachregister des Jg. 1989 <\/strong><\/p>\n","protected":false},"excerpt":{"rendered":"<p>Download der Gesamtausgabe als PDF Editorial: Stasi in den Tagebau! Aber wohin mit dem &#8222;Verfassungschutz&#8220;?<\/p>\n","protected":false},"author":2,"featured_media":0,"parent":3595,"menu_order":0,"comment_status":"closed","ping_status":"open","template":"page-templates\/full-width.php","meta":{"footnotes":""},"class_list":["post-3332","page","type-page","status-publish","hentry"],"_links":{"self":[{"href":"https:\/\/wp-dev.daten.cool\/index.php?rest_route=\/wp\/v2\/pages\/3332","targetHints":{"allow":["GET"]}}],"collection":[{"href":"https:\/\/wp-dev.daten.cool\/index.php?rest_route=\/wp\/v2\/pages"}],"about":[{"href":"https:\/\/wp-dev.daten.cool\/index.php?rest_route=\/wp\/v2\/types\/page"}],"author":[{"embeddable":true,"href":"https:\/\/wp-dev.daten.cool\/index.php?rest_route=\/wp\/v2\/users\/2"}],"replies":[{"embeddable":true,"href":"https:\/\/wp-dev.daten.cool\/index.php?rest_route=%2Fwp%2Fv2%2Fcomments&post=3332"}],"version-history":[{"count":0,"href":"https:\/\/wp-dev.daten.cool\/index.php?rest_route=\/wp\/v2\/pages\/3332\/revisions"}],"up":[{"embeddable":true,"href":"https:\/\/wp-dev.daten.cool\/index.php?rest_route=\/wp\/v2\/pages\/3595"}],"wp:attachment":[{"href":"https:\/\/wp-dev.daten.cool\/index.php?rest_route=%2Fwp%2Fv2%2Fmedia&parent=3332"}],"curies":[{"name":"wp","href":"https:\/\/api.w.org\/{rel}","templated":true}]}}