{"id":412,"date":"2015-02-04T22:30:11","date_gmt":"2015-02-04T22:30:11","guid":{"rendered":"http:\/\/www.cilip.de\/?page_id=412"},"modified":"2015-02-04T22:30:11","modified_gmt":"2015-02-04T22:30:11","slug":"67-2000","status":"publish","type":"page","link":"https:\/\/wp-dev.daten.cool\/?page_id=412","title":{"rendered":"67 (3\/2000) Polizei\u00fcbergriffe &#8211; Polizeikontrolle"},"content":{"rendered":"<p><img loading=\"lazy\" decoding=\"async\" class=\"alignright size-full wp-image-22526\" src=\"https:\/\/www.cilip.de\/wp-content\/uploads\/2024\/05\/CILIP_067.png\" alt=\"\" width=\"210\" height=\"298\" \/><a href=\"http:\/\/archiv.cilip.de\/Hefte\/CILIP_067.pdf\">Download der Gesamtausgabe als PDF<\/a><\/p>\n<p><a href=\"\/2000\/12\/09\/editorial-16\/\"><b>Editorial<\/b><\/a><br \/>\nHeiner Busch<\/p>\n<p><a href=\"\/2000\/12\/09\/polizeiuebergriffe-polizeigewalt-als-ausnahme-und-regel\/\"><b>Polizeigewalt als Ausnahme und Regel<\/b><\/a><br \/>\nNorbert P\u00fctter<br \/>\n<a href=\"\/2000\/12\/09\/ausmass-von-polizeiuebergriffen-und-ihre-sanktionierung-ueber-das-problem-einer-zahlenmaessigen-erfassung\/\"><b>Statistik der \u00dcbergriffe<\/b><\/a><br \/>\nMartina Kant<br \/>\n<a href=\"\/2000\/12\/09\/polizeiuebergriffe-auf-auslaenderinnen-kaum-chancen-vor-gericht\/\"><b>Polizei\u00fcbergriffe auf Ausl\u00e4nderInnen<\/b><\/a><br \/>\nAnja Lederer und Heiner Busch<br \/>\n<a href=\"\/2000\/12\/09\/die-hamburger-polizeikommission-tragfaehiges-modell-unabhaengiger-polizeikontrolle\/\"><b>Die Hamburger &#8222;Polizeikommission&#8220;<\/b><\/a><br \/>\nRolf G\u00f6ssner<br \/>\n<a href=\"\/2000\/02\/09\/bedingungen-demokratischer-kontrolle-lehren-aus-den-polizeiausschuessen-der-britischen-zone\"><b>Polizeiaussch\u00fcsse in der britischen Zone 1946-1953<\/b><\/a><br \/>\nKurt H. G. Groll<br \/>\n<a href=\"\/2000\/12\/09\/andere-laender-aehnliche-sitten-polizeiuebergriffe-und-kontrolle-in-grossbritannien-und-frankreich\/\"><b>Polizei\u00fcbergriffe in Gro\u00dfbritannien und Frankreich<\/b><\/a><br \/>\nHeiner Busch<\/p>\n<p><a href=\"\/2000\/12\/09\/polizeiliche-todesschuesse-1999\/\"><b>Polizeiliche Todessch\u00fcsse 1999<\/b><\/a><br \/>\nOtto Diederichs<br \/>\n<a href=\"\/2000\/12\/09\/stabilitaetspakt-fuer-suedosteuropa-polizeihilfe-mit-abhaengigen\/\"><b>Stabilit\u00e4tspakt f\u00fcr S\u00fcdosteuropa<\/b><\/a><br \/>\nAnastassia Tsoukala<br \/>\n<a href=\"\/2000\/12\/09\/aktuelles-polizeirecht-wie-schlecht-steht-es-um-die-buergerrechte\/\"><b>Aktuelles Polizeirecht<\/b><\/a><br \/>\nFredrik Roggan<\/p>\n<p><b>Inland aktuell<\/b><br \/>\n<b>Meldungen aus Europa<\/b><br \/>\n<a href=\"\/2000\/12\/09\/chronologie-4\/\"><b>Chronologie<\/b><\/a><br \/>\nPeter Bienwald<br \/>\n<a href=\"\/2000\/12\/09\/literatur-4\/\"><b>Literatur<\/b><\/a><br \/>\n<a href=\"\/2000\/12\/09\/summaries-38\/\"><b>Summaries<\/b><\/a><\/p>\n","protected":false},"excerpt":{"rendered":"<p>Download der Gesamtausgabe als PDF Editorial Heiner Busch Polizeigewalt als Ausnahme und Regel Norbert P\u00fctter<\/p>\n","protected":false},"author":3,"featured_media":0,"parent":360,"menu_order":0,"comment_status":"closed","ping_status":"open","template":"page-templates\/full-width.php","meta":{"footnotes":""},"class_list":["post-412","page","type-page","status-publish","hentry"],"_links":{"self":[{"href":"https:\/\/wp-dev.daten.cool\/index.php?rest_route=\/wp\/v2\/pages\/412","targetHints":{"allow":["GET"]}}],"collection":[{"href":"https:\/\/wp-dev.daten.cool\/index.php?rest_route=\/wp\/v2\/pages"}],"about":[{"href":"https:\/\/wp-dev.daten.cool\/index.php?rest_route=\/wp\/v2\/types\/page"}],"author":[{"embeddable":true,"href":"https:\/\/wp-dev.daten.cool\/index.php?rest_route=\/wp\/v2\/users\/3"}],"replies":[{"embeddable":true,"href":"https:\/\/wp-dev.daten.cool\/index.php?rest_route=%2Fwp%2Fv2%2Fcomments&post=412"}],"version-history":[{"count":0,"href":"https:\/\/wp-dev.daten.cool\/index.php?rest_route=\/wp\/v2\/pages\/412\/revisions"}],"up":[{"embeddable":true,"href":"https:\/\/wp-dev.daten.cool\/index.php?rest_route=\/wp\/v2\/pages\/360"}],"wp:attachment":[{"href":"https:\/\/wp-dev.daten.cool\/index.php?rest_route=%2Fwp%2Fv2%2Fmedia&parent=412"}],"curies":[{"name":"wp","href":"https:\/\/api.w.org\/{rel}","templated":true}]}}