{"id":4383,"date":"2015-03-01T16:45:18","date_gmt":"2015-03-01T16:45:18","guid":{"rendered":"http:\/\/www.cilip.de\/?page_id=4383"},"modified":"2015-03-01T16:45:18","modified_gmt":"2015-03-01T16:45:18","slug":"1981-2","status":"publish","type":"page","link":"https:\/\/wp-dev.daten.cool\/?page_id=4383","title":{"rendered":"1981"},"content":{"rendered":"<table>\n<tbody>\n<tr>\n<td><img decoding=\"async\" src=\"\/wp-content\/uploads\/2024\/05\/CILIP_009-010_medium.png\" alt=\"CILIP_009-010\" \/><\/td>\n<td><a href=\"\/zeitschrift\/1978-1984\/1981-2\/9-10-1981\/\">9-10 (2\/1981)<\/a> Berlin, Z\u00fcrich, Amsterdam &#8211; Politik, Protest und die Polizei. Eine vergleichende Untersuchung; agent provocateur; CS-Gas<\/td>\n<\/tr>\n<tr>\n<td><img decoding=\"async\" src=\"\/wp-content\/uploads\/2024\/05\/CILIP_008_medium.png\" alt=\"CILIP_008\" \/><\/td>\n<td><a href=\"\/zeitschrift\/1978-1984\/1981-2\/8-1981\/\">8 (1\/1981)<\/a> Polizeigewerkschaften; neue Waffen f\u00fcr die Polizei; Polizei-F\u00fchrungsakademie; Identit\u00e4tskontrollen in Frankreich; Hollands neue Geheimpolizei<\/td>\n<\/tr>\n<\/tbody>\n<\/table>\n","protected":false},"excerpt":{"rendered":"<p>9-10 (2\/1981) Berlin, Z\u00fcrich, Amsterdam &#8211; Politik, Protest und die Polizei. Eine vergleichende Untersuchung; agent<\/p>\n","protected":false},"author":2,"featured_media":0,"parent":542,"menu_order":0,"comment_status":"closed","ping_status":"open","template":"","meta":{"footnotes":""},"class_list":["post-4383","page","type-page","status-publish","hentry"],"_links":{"self":[{"href":"https:\/\/wp-dev.daten.cool\/index.php?rest_route=\/wp\/v2\/pages\/4383","targetHints":{"allow":["GET"]}}],"collection":[{"href":"https:\/\/wp-dev.daten.cool\/index.php?rest_route=\/wp\/v2\/pages"}],"about":[{"href":"https:\/\/wp-dev.daten.cool\/index.php?rest_route=\/wp\/v2\/types\/page"}],"author":[{"embeddable":true,"href":"https:\/\/wp-dev.daten.cool\/index.php?rest_route=\/wp\/v2\/users\/2"}],"replies":[{"embeddable":true,"href":"https:\/\/wp-dev.daten.cool\/index.php?rest_route=%2Fwp%2Fv2%2Fcomments&post=4383"}],"version-history":[{"count":0,"href":"https:\/\/wp-dev.daten.cool\/index.php?rest_route=\/wp\/v2\/pages\/4383\/revisions"}],"up":[{"embeddable":true,"href":"https:\/\/wp-dev.daten.cool\/index.php?rest_route=\/wp\/v2\/pages\/542"}],"wp:attachment":[{"href":"https:\/\/wp-dev.daten.cool\/index.php?rest_route=%2Fwp%2Fv2%2Fmedia&parent=4383"}],"curies":[{"name":"wp","href":"https:\/\/api.w.org\/{rel}","templated":true}]}}