{"id":4627,"date":"2015-03-05T18:09:43","date_gmt":"2015-03-05T18:09:43","guid":{"rendered":"http:\/\/www.cilip.de\/?page_id=4627"},"modified":"2015-03-05T18:09:43","modified_gmt":"2015-03-05T18:09:43","slug":"mitglied-werden","status":"publish","type":"page","link":"https:\/\/wp-dev.daten.cool\/?page_id=4627","title":{"rendered":"Mitglied werden"},"content":{"rendered":"<p>Es gibt viele gute Gr\u00fcnde, die Arbeit des Instituts f\u00fcr B\u00fcrgerrechte &amp; \u00f6ffentliche Sicherheit e.V. f\u00f6rdern. Mitglieder erhalten die Zeitschrift <a href=\"\/zeitschrift\/\">B\u00fcrgerrechte &amp; Polizei\/CILIP<\/a> dreimal im Jahr kostenlos.<\/p>\n<p><b>Vereinsmitglied<\/b> kann jede und jeder werden. Einzelpersonen ebenso wie Gruppen und Organisationen. <b>Der Beitrag<\/b> liegt im Monat bei mindestens 5 (erm\u00e4\u00dfigt) oder 11 (Regelbeitrag) EUR nach der Satzung. Sie k\u00f6nnen aber, wie viele Mitglieder, auch mehr bezahlen. Ihr Beitrag ist steuerlich absetzbar.<\/p>\n<p>[contact-form-7 id=&#8220;4625&#8243; title=&#8220;Vereinsmitgliedschaft&#8220;]<\/p>\n<p><strong>Der Antrag kann auch per Post versandt werden:<\/strong><\/p>\n<p>Institut f\u00fcr B\u00fcrgerrechte &amp; \u00f6ffentliche Sicherheit e.V.<br \/>\nc\/o Juristische Fakult\u00e4t<br \/>\nHumboldt-Universit\u00e4t zu Berlin<br \/>\nUnter den Linden 6<br \/>\n10099 Berlin (Germany)<br \/>\nE-Mail: <a href=\"mailto:info@cilip.de\">info@cilip.de<\/a><\/p>\n<p>Bankverbindung (nur f\u00fcr Spenden, nicht f\u00fcr Abonnements):<br \/>\nInstitut f\u00fcr B\u00fcrgerrechte &amp; \u00f6ffentliche Sicherheit e.V.<br \/>\nIBAN DE18 1002 0500 0003 0564 00<br \/>\nSWIFT- \/ BIC-Code: BFSWDE33BER<br \/>\nBank f\u00fcr Sozialwirtschaft<\/p>\n","protected":false},"excerpt":{"rendered":"<p>Es gibt viele gute Gr\u00fcnde, die Arbeit des Instituts f\u00fcr B\u00fcrgerrechte &amp; \u00f6ffentliche Sicherheit e.V.<\/p>\n","protected":false},"author":2,"featured_media":0,"parent":6101,"menu_order":2,"comment_status":"closed","ping_status":"open","template":"page-templates\/full-width.php","meta":{"footnotes":""},"class_list":["post-4627","page","type-page","status-publish","hentry"],"_links":{"self":[{"href":"https:\/\/wp-dev.daten.cool\/index.php?rest_route=\/wp\/v2\/pages\/4627","targetHints":{"allow":["GET"]}}],"collection":[{"href":"https:\/\/wp-dev.daten.cool\/index.php?rest_route=\/wp\/v2\/pages"}],"about":[{"href":"https:\/\/wp-dev.daten.cool\/index.php?rest_route=\/wp\/v2\/types\/page"}],"author":[{"embeddable":true,"href":"https:\/\/wp-dev.daten.cool\/index.php?rest_route=\/wp\/v2\/users\/2"}],"replies":[{"embeddable":true,"href":"https:\/\/wp-dev.daten.cool\/index.php?rest_route=%2Fwp%2Fv2%2Fcomments&post=4627"}],"version-history":[{"count":0,"href":"https:\/\/wp-dev.daten.cool\/index.php?rest_route=\/wp\/v2\/pages\/4627\/revisions"}],"up":[{"embeddable":true,"href":"https:\/\/wp-dev.daten.cool\/index.php?rest_route=\/wp\/v2\/pages\/6101"}],"wp:attachment":[{"href":"https:\/\/wp-dev.daten.cool\/index.php?rest_route=%2Fwp%2Fv2%2Fmedia&parent=4627"}],"curies":[{"name":"wp","href":"https:\/\/api.w.org\/{rel}","templated":true}]}}