{"id":526,"date":"2015-02-05T00:24:28","date_gmt":"2015-02-05T00:24:28","guid":{"rendered":"http:\/\/www.cilip.de\/?page_id=526"},"modified":"2015-02-05T00:24:28","modified_gmt":"2015-02-05T00:24:28","slug":"52-1995","status":"publish","type":"page","link":"https:\/\/wp-dev.daten.cool\/?page_id=526","title":{"rendered":"52 (3\/1995) &#8222;Parlamentarische Kontrolle von Polizei und Geheimdiensten&#8220;"},"content":{"rendered":"<p><img loading=\"lazy\" decoding=\"async\" class=\"alignright size-medium wp-image-22546\" src=\"https:\/\/www.cilip.de\/wp-content\/uploads\/2024\/05\/CILIP_052-211x300.png\" alt=\"\" width=\"211\" height=\"300\" srcset=\"https:\/\/wp-dev.daten.cool\/wp-content\/uploads\/2024\/05\/CILIP_052-211x300.png 211w, https:\/\/wp-dev.daten.cool\/wp-content\/uploads\/2024\/05\/CILIP_052.png 583w\" sizes=\"auto, (max-width: 211px) 100vw, 211px\" \/><a href=\"http:\/\/archiv.cilip.de\/Hefte\/CILIP_052.pdf\">Download der Gesamtausgabe als PDF<\/a><\/p>\n<p><a href=\"\/1995\/12\/24\/redaktionelle-vorbemerkung-15\/\"><strong>Redaktionelle Vorbemerkung<\/strong><\/a><br \/>\nOtto Diederichs 4<\/p>\n<p><a href=\"\/1995\/12\/24\/parlamentarische-kontrolle-der-dienste-einige-thesenfoermige-erwaegungen\/\"><strong>Parlamentarische Kontrolle der Dienste<\/strong><\/a><br \/>\nWolf-Dieter Narr 6<br \/>\n<a href=\"\/1995\/12\/24\/geheimdienstkontrolle-durch-die-milchglasscheibe-die-erfolgreiche-behinderung-von-transparenz\/\"> <strong>Geheimdienstkontrolle durch die Milchglasscheibe<\/strong><\/a><br \/>\nOtto Diederichs 14<br \/>\n<a href=\"\/1995\/12\/24\/innenausschuesse-parlamentarische-kontrollkommissionen-g-10-gremien-und-g-10-kommissionen-aufgaben-und-befugnisse\/\"> <strong>Innenaussch\u00fcsse, Parlamentarische Kontrollkommissionen, G 10-Gremien und G 10-Kommissionen<\/strong><\/a><br \/>\nMartina Kant 21<br \/>\n<a href=\"\/1995\/12\/24\/erfahrungen-eines-bremer-geheimdienstkontrolleurs-arbeit-in-der-parlamentarischen-kontrollkommission\/\"> <strong>Erfahrungen eines Bremer Geheimdienstkontrolleurs<\/strong><\/a><br \/>\nMartin Thomas 27<br \/>\n<a href=\"\/1995\/12\/24\/parlamentarische-untersuchungsausschuesse-aufgaben-und-befugnisse\/\"> <strong>Parlamentarische Untersuchungsaussch\u00fcsse<\/strong><\/a><br \/>\nMartina Kant 34<br \/>\n<strong><a href=\"\/1995\/12\/24\/der-untersuchungsausschuss-zur-aufklaerung-von-vorgaengen-bei-der-freiwilligen-polizeireserve-versuch-einer-bilanz\/\">Der \u2018Untersuchungsausschu\u00df zur Aufkl\u00e4rung von Vorg\u00e4ngen bei der Freiwilligen Polizeireserve\u2019<\/a><br \/>\n<\/strong>Kea Tielemann 37<br \/>\n<a href=\"\/1995\/12\/24\/parlamentarische-ausschuesse-und-die-medien-wenn-der-blinde-mit-dem-lahmen\/\"> <strong>Parlamentarische Aussch\u00fcsse und die Medien<\/strong><\/a><br \/>\nWolfgang Gast 44<br \/>\n<a href=\"\/1995\/12\/24\/die-parlamentarischen-untersuchungsausschuesse-zu-polizei-und-geheimdien-sten-in-der-bundesrepublik-deutschland-eine-chronologie\/\"> <strong>Die Parlamentarischen Untersuchungsaussch\u00fcsse zu Polizei und Geheimdiensten in der Bundesrepublik Deutschland<\/strong><\/a><br \/>\nOtto Diederichs 48<br \/>\n<a href=\"\/1995\/12\/24\/und-wo-bitte-ist-der-skandal-ein-kommentar\/\"> <strong>Und wo, bitte, ist der Skandal?<\/strong><\/a><br \/>\nJ\u00fcrgen Gottschlich 59<br \/>\n<a href=\"\/1995\/12\/24\/grundzuege-der-parlamentarischen-kontrolle-in-anderen-europaeischen-staaten-eine-auswahl\/\"> <strong>Grundz\u00fcge der Parlamentarischen Kontrolle in anderen europ\u00e4ischen Staaten<\/strong><\/a><br \/>\nOtto Diederichs 64<br \/>\n<a href=\"\/1995\/12\/24\/zur-kontrolle-der-nordirischen-polizei-bestandsaufnahme-und-ausblick\/\"> <strong>Zur Kontrolle der nordirischen Polizei<\/strong><\/a><br \/>\nBirgit Schippers 68<\/p>\n<p><a href=\"\/1995\/12\/24\/gemeindebezogene-polizeiarbeit-community-policing-in-grossbritannien-historische-entwicklung-und-kritik\/\"><strong>Gemeindebezogene Polizeiarbeit (Community Policing) in Gro\u00dfbritannien<\/strong><\/a><br \/>\nPhil Scraton 75<\/p>\n<p><a href=\"\/1995\/12\/24\/chronologie-20\/\"><strong>Chronologie<\/strong><\/a><br \/>\nNorbert P\u00fctter 82<br \/>\n<strong><a href=\"\/1995\/12\/21\/literatur-12\/\">Literatur<\/a><\/strong> 92<br \/>\n<a href=\"\/1995\/12\/24\/summaries-58\/\"><strong>Summaries<\/strong><\/a> 105<\/p>\n","protected":false},"excerpt":{"rendered":"<p>Download der Gesamtausgabe als PDF Redaktionelle Vorbemerkung Otto Diederichs 4 Parlamentarische Kontrolle der Dienste Wolf-Dieter<\/p>\n","protected":false},"author":3,"featured_media":0,"parent":2018,"menu_order":0,"comment_status":"closed","ping_status":"open","template":"page-templates\/full-width.php","meta":{"footnotes":""},"class_list":["post-526","page","type-page","status-publish","hentry"],"_links":{"self":[{"href":"https:\/\/wp-dev.daten.cool\/index.php?rest_route=\/wp\/v2\/pages\/526","targetHints":{"allow":["GET"]}}],"collection":[{"href":"https:\/\/wp-dev.daten.cool\/index.php?rest_route=\/wp\/v2\/pages"}],"about":[{"href":"https:\/\/wp-dev.daten.cool\/index.php?rest_route=\/wp\/v2\/types\/page"}],"author":[{"embeddable":true,"href":"https:\/\/wp-dev.daten.cool\/index.php?rest_route=\/wp\/v2\/users\/3"}],"replies":[{"embeddable":true,"href":"https:\/\/wp-dev.daten.cool\/index.php?rest_route=%2Fwp%2Fv2%2Fcomments&post=526"}],"version-history":[{"count":0,"href":"https:\/\/wp-dev.daten.cool\/index.php?rest_route=\/wp\/v2\/pages\/526\/revisions"}],"up":[{"embeddable":true,"href":"https:\/\/wp-dev.daten.cool\/index.php?rest_route=\/wp\/v2\/pages\/2018"}],"wp:attachment":[{"href":"https:\/\/wp-dev.daten.cool\/index.php?rest_route=%2Fwp%2Fv2%2Fmedia&parent=526"}],"curies":[{"name":"wp","href":"https:\/\/api.w.org\/{rel}","templated":true}]}}