{"id":6177,"date":"2015-06-01T10:16:27","date_gmt":"2015-06-01T10:16:27","guid":{"rendered":"http:\/\/www.cilip.de\/?page_id=6177"},"modified":"2015-06-01T10:16:27","modified_gmt":"2015-06-01T10:16:27","slug":"12-1982","status":"publish","type":"page","link":"https:\/\/wp-dev.daten.cool\/?page_id=6177","title":{"rendered":"12 (1982) Schusswaffengebrauch der Polizei"},"content":{"rendered":"<p><img loading=\"lazy\" decoding=\"async\" class=\"alignright size-medium wp-image-22586\" src=\"https:\/\/www.cilip.de\/wp-content\/uploads\/2024\/05\/CILIP_012-211x300.png\" alt=\"\" width=\"211\" height=\"300\" srcset=\"https:\/\/wp-dev.daten.cool\/wp-content\/uploads\/2024\/05\/CILIP_012-211x300.png 211w, https:\/\/wp-dev.daten.cool\/wp-content\/uploads\/2024\/05\/CILIP_012.png 583w\" sizes=\"auto, (max-width: 211px) 100vw, 211px\" \/><a href=\"http:\/\/archiv.cilip.de\/Hefte\/CILIP_012.pdf\">Download der Gesamtausgabe als PDF<\/a><\/p>\n<p><strong>EDITORIAL<br \/>\nSchwerpunkt: Blut ist ein ganz besonderer Saft<\/strong><\/p>\n<p><strong>POLIZEILICHER SCHUSSWAFFENGERRAUCH IM WANDEL<\/strong><br \/>\n<strong>POLIZEI IN NORDIRLAND<\/strong><br \/>\n<strong>Die Royal Ulster-Constabulary<\/strong><\/p>\n<p>Stephen W. Smith<br \/>\n<strong>Frankreich:<br \/>\nDIE REVISION DES GESETZES &#8222;SECURITE ET LIBERTE&#8220;<\/strong><\/p>\n<p><strong>POLIZEI UND DEMONSTRATIONEN<\/strong><br \/>\n<strong>Vorschl\u00e4ge zur Versch\u00e4rfung des Demonstrationsrechts &#8211; Eine \u00dcbersicht<\/strong><br \/>\n<strong>Sicherstellung von Spruchb\u00e4ndern &#8211; Ein Urteil<\/strong><br \/>\n<strong>Ausr\u00fcstung der Polizei mit CS-Gas &#8211; Eine \u00dcbersicht<\/strong><\/p>\n<p><strong>\u00d6FFENTLICHE KONTROLLE DER POLIZEI<\/strong><br \/>\n<strong>Parlamentarische Kontrolle und Bremer Bundeswehrkrawalle<\/strong><br \/>\n<strong>Polizeikontrollinitiative Bremen<\/strong><\/p>\n<p>Annemieke Hendriks<br \/>\n<strong>Gesetzentwurf \u00fcber Klageverfahren in den Niederlanden<br \/>\nVom Datenschutz zum Datensch\u00fctzle &#8211; Zur Debatte um &#8222;Sicherheit und Datenschutz&#8220; in Baden-W\u00fcrttemberg und im Bund<br \/>\nDas Sozialgeheimnis und die Polizei<\/strong><\/p>\n<p><strong>URTEILE<\/strong><br \/>\n<strong>LITERATUR<\/strong><br \/>\n<strong>SUMMARIES<\/strong><br \/>\n<strong>Solidarit\u00e4tsaufruf f\u00fcr Alexander Schubart<\/strong><br \/>\n<strong>Das Allerletzte<\/strong><\/p>\n","protected":false},"excerpt":{"rendered":"<p>Download der Gesamtausgabe als PDF EDITORIAL Schwerpunkt: Blut ist ein ganz besonderer Saft POLIZEILICHER SCHUSSWAFFENGERRAUCH<\/p>\n","protected":false},"author":2,"featured_media":0,"parent":4381,"menu_order":0,"comment_status":"closed","ping_status":"open","template":"page-templates\/full-width.php","meta":{"footnotes":""},"class_list":["post-6177","page","type-page","status-publish","hentry"],"_links":{"self":[{"href":"https:\/\/wp-dev.daten.cool\/index.php?rest_route=\/wp\/v2\/pages\/6177","targetHints":{"allow":["GET"]}}],"collection":[{"href":"https:\/\/wp-dev.daten.cool\/index.php?rest_route=\/wp\/v2\/pages"}],"about":[{"href":"https:\/\/wp-dev.daten.cool\/index.php?rest_route=\/wp\/v2\/types\/page"}],"author":[{"embeddable":true,"href":"https:\/\/wp-dev.daten.cool\/index.php?rest_route=\/wp\/v2\/users\/2"}],"replies":[{"embeddable":true,"href":"https:\/\/wp-dev.daten.cool\/index.php?rest_route=%2Fwp%2Fv2%2Fcomments&post=6177"}],"version-history":[{"count":0,"href":"https:\/\/wp-dev.daten.cool\/index.php?rest_route=\/wp\/v2\/pages\/6177\/revisions"}],"up":[{"embeddable":true,"href":"https:\/\/wp-dev.daten.cool\/index.php?rest_route=\/wp\/v2\/pages\/4381"}],"wp:attachment":[{"href":"https:\/\/wp-dev.daten.cool\/index.php?rest_route=%2Fwp%2Fv2%2Fmedia&parent=6177"}],"curies":[{"name":"wp","href":"https:\/\/api.w.org\/{rel}","templated":true}]}}